{"id":13973,"date":"2025-03-10T19:57:17","date_gmt":"2025-03-10T22:57:17","guid":{"rendered":"https:\/\/ies1-caba.infd.edu.ar\/sitio\/?page_id=13973"},"modified":"2025-09-03T21:36:00","modified_gmt":"2025-09-04T00:36:00","slug":"orientacion-al-estudiante","status":"publish","type":"page","link":"https:\/\/ies1-caba.infd.edu.ar\/sitio\/orientacion-al-estudiante\/","title":{"rendered":"Orientaci\u00f3n al estudiante"},"content":{"rendered":"\n<style> \/* Ocultar \u00edconos de redes sociales *\/ .a2a_kit, .a2a_button_facebook, .a2a_button_twitter, .a2a_button_whatsapp, .a2a_dd, [class*=\"a2a_button_\"] { display: none !important; } <\/style>\n\n\n\n<hr class=\"wp-block-separator has-alpha-channel-opacity\"\/>\n\n\n\n<div style=\"max-width: 700px; margin: 2rem auto; font-family: 'Arial', sans-serif;\">\n\n  <!-- Cuadro principal -->\n  <div style=\"background: #10314e; color: white; padding: 2rem; border-radius: 15px; box-shadow: 0 4px 12px rgba(0,0,0,0.15);\">\n    <h2 style=\"font-size: 1.8rem; margin-bottom: 1rem; text-align: center; color: #e1752d;\">\n      Orientaci\u00f3n Institucional\n    <\/h2>\n    \n    <p style=\"font-size: 1.1rem; margin: 0.5rem 0;\">\n      <strong>Prof. Claudio Conforti<\/strong>\n    <\/p>\n    <p style=\"margin: 0.3rem 0;\">\n      <strong>Horarios de atenci\u00f3n:<\/strong><br>\n      Martes 19:00 a 20:20 hs<br>\n      Mi\u00e9rcoles 10:00 a 11:20 hs\n    <\/p>\n    <p style=\"margin: 0.3rem 0;\">\n      <strong>Mail:<\/strong><br>\n      <a href=\"mailto:conforti.claudio@gmail.com\" style=\"color: #e1752d;\">conforti.claudio@gmail.com<\/a><br>\n      <a href=\"mailto:claudio.conforti@bue.edu.ar\" style=\"color: #e1752d;\">claudio.conforti@bue.edu.ar<\/a>\n    <\/p>\n  <\/div>\n\n  <!-- Segundo cuadro: tutor\u00edas -->\n  <div style=\"margin-top: 1.5rem; padding: 1.5rem; background: #f7f7f7; border-left: 6px solid #10314e; border-radius: 10px;\">\n    <h3 style=\"color: #10314e; font-size: 1.4rem; margin-top: 0;\">\n      Espacio de Tutor\u00edas\n    <\/h3>\n    <p style=\"font-size: 1rem;\">\n      Acced\u00e9 al espacio de tutor\u00edas desde el siguiente enlace:\n    <\/p>\n    <a href=\"https:\/\/sites.google.com\/view\/espaciodetutoriaies1\/inicio?authuser=0\" target=\"_blank\" style=\"display: inline-block; padding: 0.6rem 1.2rem; background: #e1752d; color: white; border-radius: 8px; text-decoration: none; font-weight: bold; transition: background 0.3s;\" rel=\"noopener\">\n      Ir al sitio de Tutor\u00edas\n    <\/a>\n  <\/div>\n<\/div>\n\n\n\n\n<div class=\"wp-block-cover alignfull\" style=\"min-height:197px\"><span aria-hidden=\"true\" class=\"wp-block-cover__background has-background-dim-0 has-background-dim\"><\/span><img decoding=\"async\" loading=\"lazy\" width=\"1100\" height=\"185\" class=\"wp-block-cover__image-background wp-image-13666\" alt=\"\" src=\"https:\/\/ies1-caba.infd.edu.ar\/sitio\/wp-content\/uploads\/2025\/03\/bannerinf-2.png\" data-object-fit=\"cover\" srcset=\"https:\/\/ies1-caba.infd.edu.ar\/sitio\/wp-content\/uploads\/2025\/03\/bannerinf-2.png 1100w, https:\/\/ies1-caba.infd.edu.ar\/sitio\/wp-content\/uploads\/2025\/03\/bannerinf-2-1000x168.png 1000w, https:\/\/ies1-caba.infd.edu.ar\/sitio\/wp-content\/uploads\/2025\/03\/bannerinf-2-768x129.png 768w\" sizes=\"(max-width: 1100px) 100vw, 1100px\" \/><div class=\"wp-block-cover__inner-container\">\n<div class=\"wp-block-group alignfull has-background-color is-layout-constrained\" style=\"margin-top:0;margin-bottom:0;padding-top:var(--wp--preset--spacing--40);padding-right:var(--wp--preset--spacing--30);padding-bottom:var(--wp--preset--spacing--40);padding-left:var(--wp--preset--spacing--30)\"><div class=\"wp-block-group__inner-container\">\n<p class=\"has-text-align-center\"><a href=\"https:\/\/ies1-caba.infd.edu.ar\/sitio\/wp-admin\/post.php?post=12571&amp;action=edit#site-title-pseudo-link\">IES N\u00b01 \u00abDra. Alicia Moreau de Justo\u00bb<\/a><\/p>\n\n\n\n<p class=\"has-text-align-center has-small-font-size\"><strong> Av. C\u00f3rdoba 2016, CABA&nbsp;<br><a href=\"iesamjusto@bue.edu.ar\">iesamjusto@bue.edu.ar<\/a> <\/strong><\/p>\n\n\n\n<p class=\"has-text-align-center\">Educaci\u00f3n P\u00fablica y Gratuita <\/p>\n<\/div><\/div>\n<\/div><\/div>\n\n\n\n<p><\/p>\n\n\n\n<p><\/p>\n\n\n\n<p><\/p>\n\n\n\n<p><\/p>\n\n\n\n<p><\/p>\n\n\n\n<div style=\"height:100px\" aria-hidden=\"true\" class=\"wp-block-spacer\"><\/div>\n\n\n\n<p><\/p>\n","protected":false},"excerpt":{"rendered":"<p>Orientaci\u00f3n Institucional Prof. Claudio Conforti Horarios de atenci\u00f3n: Martes 19:00 a 20:20 hs Mi\u00e9rcoles 10:00 a 11:20 hs Mail: conforti.claudio@gmail.com claudio.conforti@bue.edu.ar Espacio de Tutor\u00edas Acced\u00e9 al espacio de tutor\u00edas desde el siguiente enlace: Ir al sitio de Tutor\u00edas<\/p>\n","protected":false},"author":11703,"featured_media":0,"parent":0,"menu_order":0,"comment_status":"closed","ping_status":"closed","template":"","meta":[],"acf":[],"_links":{"self":[{"href":"https:\/\/ies1-caba.infd.edu.ar\/sitio\/wp-json\/wp\/v2\/pages\/13973"}],"collection":[{"href":"https:\/\/ies1-caba.infd.edu.ar\/sitio\/wp-json\/wp\/v2\/pages"}],"about":[{"href":"https:\/\/ies1-caba.infd.edu.ar\/sitio\/wp-json\/wp\/v2\/types\/page"}],"author":[{"embeddable":true,"href":"https:\/\/ies1-caba.infd.edu.ar\/sitio\/wp-json\/wp\/v2\/users\/11703"}],"replies":[{"embeddable":true,"href":"https:\/\/ies1-caba.infd.edu.ar\/sitio\/wp-json\/wp\/v2\/comments?post=13973"}],"version-history":[{"count":4,"href":"https:\/\/ies1-caba.infd.edu.ar\/sitio\/wp-json\/wp\/v2\/pages\/13973\/revisions"}],"predecessor-version":[{"id":15562,"href":"https:\/\/ies1-caba.infd.edu.ar\/sitio\/wp-json\/wp\/v2\/pages\/13973\/revisions\/15562"}],"wp:attachment":[{"href":"https:\/\/ies1-caba.infd.edu.ar\/sitio\/wp-json\/wp\/v2\/media?parent=13973"}],"curies":[{"name":"wp","href":"https:\/\/api.w.org\/{rel}","templated":true}]}}