{"id":13884,"date":"2025-03-06T20:57:45","date_gmt":"2025-03-06T23:57:45","guid":{"rendered":"https:\/\/ies1-caba.infd.edu.ar\/sitio\/?page_id=13884"},"modified":"2025-03-10T19:45:14","modified_gmt":"2025-03-10T22:45:14","slug":"otras-indicaciones","status":"publish","type":"page","link":"https:\/\/ies1-caba.infd.edu.ar\/sitio\/otras-indicaciones\/","title":{"rendered":"Otras indicaciones"},"content":{"rendered":"\n<hr class=\"wp-block-separator has-alpha-channel-opacity\"\/>\n\n\n\n<p><\/p>\n\n\n\n<p><a href=\"https:\/\/www.buenosaires.gob.ar\/localizacion-expediente\">https:\/\/www.buenosaires.gob.ar\/localizacion-expediente<\/a><\/p>\n\n\n\n<p><\/p>\n\n\n\n<h2 class=\"wp-block-heading\"><strong>1-&nbsp;ALTAS DOCENTES&nbsp;&nbsp;<\/strong><\/h2>\n\n\n\n<p>Al terminar el proceso de selecci\u00f3n docente ser\u00e1 notificadx v\u00eda correo electr\u00f3nico oficial comunic\u00e1ndole la fecha de inicio. La Regencia le dar\u00e1 la bienvenida y lx presentar\u00e1 a la comunidad educativa mientras que la Secretar\u00eda Administrativa lx esperar\u00e1 el d\u00eda de su alta para firmar la designaci\u00f3n y lx contactar\u00e1 para combinar un turno de entrega de la documentaci\u00f3n restante.<\/p>\n\n\n\n<p><strong>Tener en cuenta:&nbsp;<\/strong>Que le solicitaremos se acerquen a la secretar\u00eda administrativa el mismo el d\u00eda de su alta para firmar el formulario de designaci\u00f3n y, al mismo tiempo, reserven un futuro turno en la&nbsp;grilla de reserva de turnos&nbsp;para la entrega de documentaci\u00f3n, asesorarlx y dar cierre a su alta efectiva.&nbsp;<\/p>\n\n\n\n<p>Para poder realizar la reserva de turno deber\u00e1 acceder desde una cuenta @<a href=\"http:\/\/bue.edu.ar\/\">bue.edu.ar<\/a>&nbsp;(al pie del presente les brindamos tips para generarla si no la tiene o la desconoce) o @<a href=\"http:\/\/gmail.com\/\">gmail.com<\/a>.&nbsp;<\/p>\n\n\n\n<p>Le pedimos lea hasta el \u00faltimo p\u00e1rrafo porque en este correo procuraremos brindarle la mayor cantidad de informaci\u00f3n posible para asistirlx y luego, presencialmente, podremos subsanar lo que reste.<\/p>\n\n\n\n<p>Para cumplimentar los tr\u00e1mites administrativos relacionados con su altas: recuerde que la fecha de&nbsp;Alta y la fecha de emisi\u00f3n de declaraci\u00f3n jurada:&nbsp;<strong>es el<\/strong>&nbsp;<strong>d\u00eda que dicta la primera clase. T<\/strong>ambi\u00e9n le solicitamos se presente&nbsp; con la siguiente documentaci\u00f3n:<\/p>\n\n\n\n<ul>\n<li>Declaraci\u00f3n jurada online (<a href=\"https:\/\/ies1-caba.infd.edu.ar\/sitio\/docentes-3\/\">Instructivo en la web<\/a>) detallando hora por hora para cada asignatura y la fecha de alta que le brindaremos en el cuadro (toma de posesi\u00f3n) que recibir\u00e1 por mail. Si tiene dificultades con el formulario lx ayudaremos cuando vengan.<\/li>\n\n\n\n<li>Constancia de CUIL<\/li>\n\n\n\n<li>Fotocopia de DNI&nbsp;<\/li>\n\n\n\n<li>Declaraci\u00f3n Jurada de COVID 19 (anexo III) firmado.<\/li>\n\n\n\n<li>Copia de Ficha censal (en caso de no tenerla, no se preocupe porque deber\u00e1 iniciar el tr\u00e1mite y acercarla durante el curso del ciclo lectivo).<\/li>\n\n\n\n<li>Copia de Apto F\u00edsico (en caso de no tenerla, deber\u00e1 iniciar el tr\u00e1mite y acercarla durante el curso del ciclo lectivo).<\/li>\n\n\n\n<li>Reconocimiento de servicios de otra jurisdicci\u00f3n: documentaci\u00f3n legalizada (en caso de no tenerlo, comenzar el tr\u00e1mite, ya que es condici\u00f3n para cobrar la antig\u00fcedad)<\/li>\n<\/ul>\n\n\n\n<p><strong><u>DECLARACI\u00d3N JURADA DE CARGOS:<\/u><\/strong>&nbsp; por cada cargo al que accede y con detalle de los cargos anteriores.<\/p>\n\n\n\n<p>Si ya firm\u00f3 en Secretar\u00eda sus designaciones y debe la DJ ONLINE o alguna otra firma tambi\u00e9n puede reservar un turno y si no pudiera acercarse por favor env\u00edenos un mail para coordinar.<\/p>\n\n\n\n<p>En caso de decidir no tomar posesi\u00f3n deber\u00e1n enviar nota de renuncia dirigida al Rectorado detallando c\u00e1tedra o cargo, d\u00eda, turno, horario concursado y agregarle firma, aclaraci\u00f3n, DNI y fecha.<\/p>\n\n\n\n<p><strong><u>*COMO DEBER\u00c1 COMPLETAR LA DECLARACI\u00d3N JURADA&nbsp;<\/u><\/strong>&nbsp;<\/p>\n\n\n\n<ul>\n<li>Debe&nbsp;<strong>consignar primero el cargo\/c\u00e1tedra al que accede<\/strong>&nbsp;y colocar fecha de Alta (primera clase)<\/li>\n\n\n\n<li>Debe detallar por separado&nbsp;<strong><u>cada c\u00e1tedra que dicta<\/u><\/strong>&nbsp;(no incluir varias c\u00e1tedras de una misma instituci\u00f3n)&nbsp;<\/li>\n\n\n\n<li><strong><u>Consignar<\/u><\/strong>&nbsp;en cada caso&nbsp;<strong><u>las horas cada 40 minutos<\/u><\/strong>&nbsp;(equivalente a una hora c\u00e1tedra). Detallar hora por hora en el caso de las c\u00e1tedras y si fuera un cargo s\u00f3lo detallar el horario por d\u00eda (Ejemplo: 8 a 12.30 hs.)<\/li>\n\n\n\n<li><strong><u>Indicar nombre de la materia<\/u><\/strong><strong><u>&nbsp;o cargo<\/u><\/strong>&nbsp;que declare de cada instituci\u00f3n.<\/li>\n\n\n\n<li>No olvide firmar cada hoja de declaraci\u00f3n frente y reverso (recuerde que siempre&nbsp;<strong>se declara con la fecha de toma de posesi\u00f3n&nbsp;<\/strong>de dicha suplencia o interinato, no con fecha de elaboraci\u00f3n o entrega del formulario)&nbsp;<\/li>\n\n\n\n<li><strong>La fecha de firma del formulario debe coincidir con la fecha de toma de posesi\u00f3n de la materia.<\/strong><\/li>\n<\/ul>\n\n\n\n<p><strong>Recuerde controlar que la cantidad de horas declaradas no exceda las 72 hs c\u00e1tedra totales (48 horas reloj), que no puede haber superposici\u00f3n horaria entre cargos y que la cantidad de horas declaradas por cada cargo debe coincidir con el detalle del horario informado.<\/strong><\/p>\n\n\n\n<hr class=\"wp-block-separator has-alpha-channel-opacity\"\/>\n\n\n\n<h2 class=\"wp-block-heading\"><strong>2 \u2013 PEDIDO DE LICENCIAS MEDICAS&nbsp;<\/strong><\/h2>\n\n\n\n<p>En primera instancia cada docente debe solicitar su licencia por la web\/aplicaci\u00f3n MIA y al mismo tiempo avisar su ausencia, en la primer hora de dictado de su clase, por mail a la Secretar\u00eda Administrativa: iesamjusto@bue.edu.ar.<\/p>\n\n\n\n<p><strong>En caso de solicitar Licencia COVID + deber\u00e1 subir al aplicativo\/web carnet de vacunaci\u00f3n y certificado de Covid POSITIVO para que Medicina Laboral justifique la licencia m\u00e9dica.<\/strong><\/p>\n\n\n\n<p>Mi Autogesti\u00f3n (MIA) es la aplicaci\u00f3n desarrollada por la Subsecretar\u00eda de Gesti\u00f3n de Recursos Humanos del Ministerio de Hacienda y Finanzas, creada para agilizar el proceso de solicitud y gesti\u00f3n de las licencias.<br>Esta aplicaci\u00f3n brinda a el\/la trabajador\/a la posibilidad de:<br>\uf0fc notificar ausencias y solicitar licencias,<br>\uf0fc realizar el seguimiento del estado de tu solicitud,<br>\uf0fc ver tu historial de licencias,<br>\uf0fc registrar y actualizar tus datos personales.<br>Adem\u00e1s de solicitar el\/la trabajador\/a la licencia en MIA deber\u00e1 dar aviso de la ausencia a su superior.<\/p>\n\n\n\n<p><a href=\"https:\/\/drive.google.com\/file\/d\/12KT_i-ayjO3v1ko9pfCqjmEtT9lGO1uR\/view?usp=sharing\">MANUAL versi\u00f3n DIC2021<\/a><\/p>\n\n\n\n<h1 class=\"wp-block-heading\"><em><strong>Aplicaci\u00f3n MI Autogesti\u00f3n (MIA)&nbsp;<\/strong><\/em><em><strong>de Licencias M\u00e9dicas<\/strong><\/em><\/h1>\n\n\n\n<p><a><\/a><br>A partir del 1 de diciembre 2020 se puso en funcionamiento la aplicaci\u00f3n MI Autogesti\u00f3n (MIA) para solicitar las licencias m\u00e9dicas.<\/p>\n\n\n\n<p><a href=\"https:\/\/view.genial.ly\/5f5b903de187f60d86939395\/interactive-content-raps-y-areas-rh-licencias-medicas-en-mia\">Tutorial online (audio y video)<\/a><\/p>\n\n\n\n<p>Licencias m\u00e9dicas, de embarazo y alumbramiento&nbsp;que deber\u00e1 cumplimentar el\/la trabajador\/a que revista en:<br>\u2013 Personal&nbsp;<strong>de PLANTA DOCENTE<\/strong>,<\/p>\n\n\n\n<p>\u2013 Carrera de la Administraci\u00f3n P\u00fablica,<br>\u2013 Carrera de Enfermer\u00eda y Especialidades T\u00e9cnico Profesionales&nbsp;de la Salud,<br>\u2013 Carrera de los Profesionales de la Salud<br>\u2013 Planta Transitoria y<br>\u2013 R\u00e9gimen Gerencial<\/p>\n\n\n\n<p>Existe la posibilidad de pedir licencia por&nbsp;<strong>hospitalizaci\u00f3n con turno programado y sin turno programado,&nbsp;<\/strong>por ejemplo<strong>.<\/strong><\/p>\n\n\n\n<p><em><strong>Acceso al sistema v\u00eda web<\/strong><\/em>:&nbsp;<a href=\"https:\/\/miautogestion.buenosaires.gob.ar\/\">https:\/\/miautogestion.buenosaires.gob.ar\/<\/a>&nbsp;&nbsp;&nbsp;&nbsp;&nbsp;mediante alguno de los siguientes<br>navegadores:<br>\u2013 Chrome<br>\u2013 IE Edge<br>\u2013 Safari<br>\u2013 Firefox<\/p>\n\n\n\n<p><strong><em>Descargar App<\/em><\/strong><\/p>\n\n\n\n<ul>\n<li>para ANDROID:&nbsp;<a href=\"https:\/\/play.google.com\/store\/apps\/details?id=ar.gob.buenosaires.miautogestion&amp;hl=es_AR&amp;gl=US\">https:\/\/play.google.com\/store\/apps\/details?id=ar.gob.buenosaires.miautogestion&amp;hl=es_AR&amp;gl=US<\/a><\/li>\n\n\n\n<li>para IOS (Apple) todav\u00eda no est\u00e1 disponible (aunque en el manual se lo de por sentado)<\/li>\n<\/ul>\n\n\n\n<p>Cada trabajador\/a tendr\u00e1 asignado un usuario, el cual estar\u00e1 compuesto por su n\u00famero&nbsp;de CUIL (sin espacios ni guiones), y una contrase\u00f1a, la cual ser\u00e1 la misma que se utiliza&nbsp;para los servicios de Gobierno (Correo, SADE, BuenosAiresDesdeAdentro).<br>En el caso que el\/la trabajador\/a haya olvidado su contrase\u00f1a la podr\u00e1 reestablecer&nbsp;ingresando a:&nbsp;<a href=\"https:\/\/identidad.buenosaires.gob.ar\/\">https:\/\/identidad.buenosaires.gob.ar\/<\/a><\/p>\n\n\n\n<p><em><strong>Cualquier duda o consulta se debe hacer a trav\u00e9s de correo electr\u00f3nico a&nbsp;<a href=\"mailto:consulta.sial@bue.edu.ar\">consulta.sial@bue.edu.ar<\/a>&nbsp;o a los tel\u00e9fonos 6076-6000 internos 4047\/4052\/4053<\/strong><\/em><\/p>\n\n\n\n<p><a href=\"https:\/\/ens6-caba.infd.edu.ar\/sitio\/wp-content\/uploads\/2021\/02\/intructivo_licencias_medicas_largo_tratamiento_y_memorandum_medico_junio19.pdf\">Manual de Sistema M\u00eda<\/a><\/p>\n\n\n\n<figure class=\"wp-block-image\"><img decoding=\"async\" src=\"https:\/\/ens6-caba.infd.edu.ar\/sitio\/wp-content\/uploads\/2021\/02\/MIA.jpeg\" alt=\"\" class=\"wp-image-3078\"\/><\/figure>\n\n\n\n<h1 class=\"wp-block-heading\">=============================<\/h1>\n\n\n\n<hr class=\"wp-block-separator has-alpha-channel-opacity\"\/>\n\n\n\n<h2 class=\"wp-block-heading\"><br><strong>3- JUBILACIONES<\/strong><\/h2>\n\n\n\n<figure class=\"wp-block-image\"><img decoding=\"async\" loading=\"lazy\" width=\"1000\" height=\"818\" src=\"https:\/\/ies1-caba.infd.edu.ar\/sitio\/wp-content\/uploads\/2023\/10\/Jubi-1000x818.png\" alt=\"\" class=\"wp-image-11541\" srcset=\"https:\/\/ies1-caba.infd.edu.ar\/sitio\/wp-content\/uploads\/2023\/10\/Jubi-1000x818.png 1000w, https:\/\/ies1-caba.infd.edu.ar\/sitio\/wp-content\/uploads\/2023\/10\/Jubi-768x628.png 768w, https:\/\/ies1-caba.infd.edu.ar\/sitio\/wp-content\/uploads\/2023\/10\/Jubi.png 1083w\" sizes=\"(max-width: 1000px) 100vw, 1000px\" \/><\/figure>\n\n\n\n<hr class=\"wp-block-separator has-alpha-channel-opacity\"\/>\n\n\n\n<h2 class=\"wp-block-heading\">4- Declaraci\u00f3n&nbsp;<strong>Jurada de&nbsp;Actividades, Cargos,&nbsp;M\u00f3dulos y Horas en L\u00ednea<\/strong><\/h2>\n\n\n\n<p><strong>Declaraci\u00f3n Jurada ONLINE \u2013 DDJJ online 2023<\/strong><\/p>\n\n\n\n<p>Este nuevo m\u00f3dulo de Declaraci\u00f3n Jurada en L\u00ednea (DJL) tiene por objetivo brindar una herramienta digital para la realizaci\u00f3n de la Declaraci\u00f3n Jurada, facilitando esta tarea al personal docente.<br>La DJL&nbsp; reemplaza a la Declaraci\u00f3n Jurada papel, haciendo que pueda cargar los datos de forma m\u00e1s \u00e1gil, f\u00e1cil y precisa.<\/p>\n\n\n\n<p>Para ingresar al m\u00f3dulo de DJL deber\u00e1 acceder al Sistema de Gesti\u00f3n Educativa (<a href=\"http:\/\/sistemas1.buenosaires.edu.ar\/wsad\">http:\/\/sistemas1.buenosaires.edu.ar\/wsad<\/a>) usando su cuenta @bue.edu.ar<\/p>\n\n\n\n<p><a href=\"https:\/\/ens6-caba.infd.edu.ar\/sitio\/wp-content\/uploads\/2021\/02\/Instructivo-de-DDJJ-en-L%C3%ADnea.pdf\">Instructivo de DDJJ en L\u00ednea<\/a><br><br><a href=\"https:\/\/www.youtube.com\/watch?v=6QLR1wABqAc&amp;feature=emb_logo\">Video tutorial<\/a><\/p>\n\n\n\n<h1 class=\"wp-block-heading\">==============================<\/h1>\n\n\n\n<hr class=\"wp-block-separator has-alpha-channel-opacity\"\/>\n\n\n\n<h2 class=\"wp-block-heading\"><strong>5 \u2013 APTO PSICOF\u00cdSICO<\/strong><\/h2>\n\n\n\n<p>Por la presente se comunica que para los docentes que a la fecha tengan un cargo activo y que por primera vez tomaron un cargo titular, interino o suplente con anterioridad al 31-12-2021 y no cuenten con el respectivo Apto Psicof\u00edsico, la Direcci\u00f3n General Administraci\u00f3n Medicina del Trabajo ha puesto a disposici\u00f3n turnos exclusivos para realizar los mismos.<\/p>\n\n\n\n<p>Para ello deber\u00e1 solicitarse un turno a trav\u00e9s de la plataforma MIBA con su cuenta @bue, a la que podr\u00e1n acceder mediante el link que seguidamente se detalla:<\/p>\n\n\n\n<figure class=\"wp-block-embed\"><div class=\"wp-block-embed__wrapper\">\nhttps:\/\/formulario-sigeci.buenosaires.gob.ar\/InicioTramit\u2026\n<\/div><\/figure>\n\n\n\n<p>En caso de no contar con cuenta en la mencionada plataforma, el docente podr\u00e1 registrarse a trav\u00e9s de dicho link, clicando sobre la opci\u00f3n \u201c\u00bfNo ten\u00e9s cuenta?\u201d, y completando a continuaci\u00f3n los datos all\u00ed requeridos.<\/p>\n\n\n\n<p>La plataforma estar\u00e1 disponible para su acceso desde el lunes 18\/04\/2022, y los turnos deber\u00e1n ser reservados con al menos 72 hs de anticipaci\u00f3n.<\/p>\n\n\n\n<p>En el caso que el docente no pueda asistir el d\u00eda seleccionado, el turno deber\u00e1 ser CANCELADO dentro de las 48 hs previas a la fecha de la cita, por lo que recibir\u00e1n por su cancelaci\u00f3n un aviso de TURNO<\/p>\n\n\n\n<p>CANCELADO.<\/p>\n\n\n\n<figure class=\"wp-block-image\"><img decoding=\"async\" loading=\"lazy\" width=\"1000\" height=\"802\" src=\"https:\/\/ies1-caba.infd.edu.ar\/sitio\/wp-content\/uploads\/2023\/10\/Direcciones-e-informacion-utiles-5-1000x802.png\" alt=\"\" class=\"wp-image-11533\" srcset=\"https:\/\/ies1-caba.infd.edu.ar\/sitio\/wp-content\/uploads\/2023\/10\/Direcciones-e-informacion-utiles-5-1000x802.png 1000w, https:\/\/ies1-caba.infd.edu.ar\/sitio\/wp-content\/uploads\/2023\/10\/Direcciones-e-informacion-utiles-5-768x616.png 768w, https:\/\/ies1-caba.infd.edu.ar\/sitio\/wp-content\/uploads\/2023\/10\/Direcciones-e-informacion-utiles-5.png 1082w\" sizes=\"(max-width: 1000px) 100vw, 1000px\" \/><\/figure>\n\n\n\n<h1 class=\"wp-block-heading\">&nbsp;<\/h1>\n\n\n\n<h1 class=\"wp-block-heading\">============================<\/h1>\n\n\n\n<hr class=\"wp-block-separator has-alpha-channel-opacity\"\/>\n\n\n\n<h2 class=\"wp-block-heading\"><strong>6 \u2013&nbsp; Datos \u00fatiles<\/strong><\/h2>\n\n\n\n<figure class=\"wp-block-embed\"><div class=\"wp-block-embed__wrapper\">\nhttps:\/\/buenosaires.gob.ar\/direcciones-utiles\n<\/div><\/figure>\n\n\n\n<figure class=\"wp-block-image\"><img decoding=\"async\" src=\"https:\/\/ens6-caba.infd.edu.ar\/sitio\/wp-content\/uploads\/2021\/02\/CUENTA-BUE.jpeg\" alt=\"\" class=\"wp-image-3080\"\/><\/figure>\n\n\n\n<figure class=\"wp-block-image\"><img decoding=\"async\" src=\"https:\/\/ens6-caba.infd.edu.ar\/sitio\/wp-content\/uploads\/2021\/02\/DJONLINE.jpeg\" alt=\"\" class=\"wp-image-3086\"\/><\/figure>\n\n\n\n<figure class=\"wp-block-image\"><img decoding=\"async\" loading=\"lazy\" width=\"1000\" height=\"732\" src=\"https:\/\/ies1-caba.infd.edu.ar\/sitio\/wp-content\/uploads\/2023\/10\/bue-1000x732.png\" alt=\"\" class=\"wp-image-11534\" srcset=\"https:\/\/ies1-caba.infd.edu.ar\/sitio\/wp-content\/uploads\/2023\/10\/bue-1000x732.png 1000w, https:\/\/ies1-caba.infd.edu.ar\/sitio\/wp-content\/uploads\/2023\/10\/bue-768x562.png 768w, https:\/\/ies1-caba.infd.edu.ar\/sitio\/wp-content\/uploads\/2023\/10\/bue.png 1079w\" sizes=\"(max-width: 1000px) 100vw, 1000px\" \/><\/figure>\n\n\n\n<figure class=\"wp-block-image\"><img decoding=\"async\" src=\"https:\/\/ens6-caba.infd.edu.ar\/sitio\/wp-content\/uploads\/2021\/02\/CANALES.png\" alt=\"\" class=\"wp-image-3091\"\/><\/figure>\n\n\n\n<h1 class=\"wp-block-heading\">=============================<\/h1>\n\n\n\n<figure class=\"wp-block-image\"><img decoding=\"async\" src=\"https:\/\/ens6-caba.infd.edu.ar\/sitio\/wp-content\/uploads\/2021\/02\/Flyer-Mesas-de-ayuda_Nuestros-canales-de-atenci%C3%B3n_Febrero2021-11-571x1000.jpg\" alt=\"\" class=\"wp-image-3095\"\/><\/figure>\n\n\n\n<figure class=\"wp-block-image\"><img decoding=\"async\" loading=\"lazy\" width=\"1000\" height=\"779\" src=\"https:\/\/ies1-caba.infd.edu.ar\/sitio\/wp-content\/uploads\/2023\/10\/Direcciones-e-informacion-utiles-3-1000x779.png\" alt=\"\" class=\"wp-image-11535\" srcset=\"https:\/\/ies1-caba.infd.edu.ar\/sitio\/wp-content\/uploads\/2023\/10\/Direcciones-e-informacion-utiles-3-1000x779.png 1000w, https:\/\/ies1-caba.infd.edu.ar\/sitio\/wp-content\/uploads\/2023\/10\/Direcciones-e-informacion-utiles-3-768x598.png 768w, https:\/\/ies1-caba.infd.edu.ar\/sitio\/wp-content\/uploads\/2023\/10\/Direcciones-e-informacion-utiles-3.png 1080w\" sizes=\"(max-width: 1000px) 100vw, 1000px\" \/><\/figure>\n\n\n\n<figure class=\"wp-block-image\"><img decoding=\"async\" loading=\"lazy\" width=\"1000\" height=\"796\" src=\"https:\/\/ies1-caba.infd.edu.ar\/sitio\/wp-content\/uploads\/2023\/10\/Direcciones-e-informacion-utiles-6-1000x796.png\" alt=\"\" class=\"wp-image-11536\" srcset=\"https:\/\/ies1-caba.infd.edu.ar\/sitio\/wp-content\/uploads\/2023\/10\/Direcciones-e-informacion-utiles-6-1000x796.png 1000w, https:\/\/ies1-caba.infd.edu.ar\/sitio\/wp-content\/uploads\/2023\/10\/Direcciones-e-informacion-utiles-6-768x612.png 768w, https:\/\/ies1-caba.infd.edu.ar\/sitio\/wp-content\/uploads\/2023\/10\/Direcciones-e-informacion-utiles-6.png 1085w\" sizes=\"(max-width: 1000px) 100vw, 1000px\" \/><\/figure>\n\n\n\n<figure class=\"wp-block-image\"><img decoding=\"async\" loading=\"lazy\" width=\"1000\" height=\"782\" src=\"https:\/\/ies1-caba.infd.edu.ar\/sitio\/wp-content\/uploads\/2023\/10\/titulos-1000x782.png\" alt=\"\" class=\"wp-image-11538\" srcset=\"https:\/\/ies1-caba.infd.edu.ar\/sitio\/wp-content\/uploads\/2023\/10\/titulos-1000x782.png 1000w, https:\/\/ies1-caba.infd.edu.ar\/sitio\/wp-content\/uploads\/2023\/10\/titulos-768x601.png 768w, https:\/\/ies1-caba.infd.edu.ar\/sitio\/wp-content\/uploads\/2023\/10\/titulos.png 1084w\" sizes=\"(max-width: 1000px) 100vw, 1000px\" \/><\/figure>\n\n\n\n<figure class=\"wp-block-image\"><img decoding=\"async\" src=\"https:\/\/ens6-caba.infd.edu.ar\/sitio\/wp-content\/uploads\/2021\/02\/Flyer-Mesas-de-ayuda_Nuestros-canales-de-atenci%C3%B3n_Febrero2021-09-563x1000.jpg\" alt=\"\" class=\"wp-image-3096\"\/><\/figure>\n\n\n\n<figure class=\"wp-block-image\"><img decoding=\"async\" src=\"https:\/\/ens6-caba.infd.edu.ar\/sitio\/wp-content\/uploads\/2021\/02\/Flyer-Mesas-de-ayuda_Nuestros-canales-de-atenci%C3%B3n_Febrero2021-10-799x1000.jpg\" alt=\"\" class=\"wp-image-3097\"\/><\/figure>\n\n\n\n<figure class=\"wp-block-image\"><img decoding=\"async\" loading=\"lazy\" width=\"1000\" height=\"786\" src=\"https:\/\/ies1-caba.infd.edu.ar\/sitio\/wp-content\/uploads\/2023\/10\/asig-fliares-1000x786.png\" alt=\"\" class=\"wp-image-11537\" srcset=\"https:\/\/ies1-caba.infd.edu.ar\/sitio\/wp-content\/uploads\/2023\/10\/asig-fliares-1000x786.png 1000w, https:\/\/ies1-caba.infd.edu.ar\/sitio\/wp-content\/uploads\/2023\/10\/asig-fliares-768x603.png 768w, https:\/\/ies1-caba.infd.edu.ar\/sitio\/wp-content\/uploads\/2023\/10\/asig-fliares.png 1087w\" sizes=\"(max-width: 1000px) 100vw, 1000px\" \/><\/figure>\n\n\n\n<h1 class=\"wp-block-heading\">================================<\/h1>\n\n\n\n<hr class=\"wp-block-separator has-alpha-channel-opacity\"\/>\n\n\n\n<h2 class=\"wp-block-heading\"><strong>7 \u2013 Licencias en Vacaciones<\/strong><\/h2>\n\n\n\n<p><a href=\"https:\/\/ies1-caba.infd.edu.ar\/sitio\/docentes-3\/#licenciecitas\">LICENCIAS DURANTE VACACIONES<\/a><\/p>\n\n\n\n<p><strong>(SI NO FUNCIONA MI AUTOGESTION)<\/strong><\/p>\n\n\n\n<p>&nbsp;LEER CON ATENCI\u00d3N&nbsp;<img decoding=\"async\" loading=\"lazy\" src=\"https:\/\/ies1-caba.infd.edu.ar\/sitio\/wp-content\/uploads\/2021\/12\/MIA-LICENCIAS-durante-vacaciones-1000x733.png\" alt=\"\" width=\"1000\" height=\"733\" srcset=\"https:\/\/ies1-caba.infd.edu.ar\/sitio\/wp-content\/uploads\/2021\/12\/MIA-LICENCIAS-durante-vacaciones-1000x733.png 1000w, https:\/\/ies1-caba.infd.edu.ar\/sitio\/wp-content\/uploads\/2021\/12\/MIA-LICENCIAS-durante-vacaciones-768x563.png 768w, https:\/\/ies1-caba.infd.edu.ar\/sitio\/wp-content\/uploads\/2021\/12\/MIA-LICENCIAS-durante-vacaciones.png 1355w\"><\/p>\n\n\n\n<p><strong>MIA:<\/strong>&nbsp;consulta.sial@bue.edu.ar<\/p>\n\n\n\n<p><strong>DDJJ<\/strong>: consultas.djl@bue.edu.ar<\/p>\n\n\n\n<p><strong>Clasificaci\u00f3n docente<\/strong>: cadentuescuela@bue.edu.ar<\/p>\n\n\n\n<p><strong>T\u00edtulos e incumbencias:<\/strong>&nbsp;comision.titulos@bue.edu.ar<\/p>\n\n\n\n<p><strong>Gesti\u00f3n de cuentas @bue<\/strong>: soporte.cuentasbue@bue.edu.ar<\/p>\n\n\n\n<p><strong>Consulta sobre cobros:<\/strong>&nbsp;0800 333 3382 o 6076-6000<\/p>\n\n\n\n<h1 class=\"wp-block-heading\">&nbsp;<\/h1>\n\n\n\n<p><\/p>\n\n\n\n<div class=\"wp-block-cover alignfull\" style=\"min-height:197px\"><span aria-hidden=\"true\" class=\"wp-block-cover__background has-background-dim-0 has-background-dim\"><\/span><img decoding=\"async\" loading=\"lazy\" width=\"1100\" height=\"185\" class=\"wp-block-cover__image-background wp-image-13666\" alt=\"\" src=\"https:\/\/ies1-caba.infd.edu.ar\/sitio\/wp-content\/uploads\/2025\/03\/bannerinf-2.png\" data-object-fit=\"cover\" srcset=\"https:\/\/ies1-caba.infd.edu.ar\/sitio\/wp-content\/uploads\/2025\/03\/bannerinf-2.png 1100w, https:\/\/ies1-caba.infd.edu.ar\/sitio\/wp-content\/uploads\/2025\/03\/bannerinf-2-1000x168.png 1000w, https:\/\/ies1-caba.infd.edu.ar\/sitio\/wp-content\/uploads\/2025\/03\/bannerinf-2-768x129.png 768w\" sizes=\"(max-width: 1100px) 100vw, 1100px\" \/><div class=\"wp-block-cover__inner-container\">\n<div class=\"wp-block-group alignfull has-background-color is-layout-constrained\" style=\"margin-top:0;margin-bottom:0;padding-top:var(--wp--preset--spacing--40);padding-right:var(--wp--preset--spacing--30);padding-bottom:var(--wp--preset--spacing--40);padding-left:var(--wp--preset--spacing--30)\"><div class=\"wp-block-group__inner-container\">\n<p class=\"has-text-align-center\"><a href=\"https:\/\/ies1-caba.infd.edu.ar\/sitio\/wp-admin\/post.php?post=12571&amp;action=edit#site-title-pseudo-link\">IES N\u00b01 \u00abDra. Alicia Moreau de Justo\u00bb<\/a><\/p>\n\n\n\n<p class=\"has-text-align-center has-small-font-size\"><strong> Av. C\u00f3rdoba 2016, CABA&nbsp;<br><a href=\"iesamjusto@bue.edu.ar\">iesamjusto@bue.edu.ar<\/a> <\/strong><\/p>\n\n\n\n<p class=\"has-text-align-center\">Educaci\u00f3n P\u00fablica y Gratuita <\/p>\n<\/div><\/div>\n<\/div><\/div>\n","protected":false},"excerpt":{"rendered":"<p>https:\/\/www.buenosaires.gob.ar\/localizacion-expediente 1-&nbsp;ALTAS DOCENTES&nbsp;&nbsp; Al terminar el proceso de selecci\u00f3n docente ser\u00e1 notificadx v\u00eda correo electr\u00f3nico oficial comunic\u00e1ndole la fecha de inicio. La Regencia le dar\u00e1 la bienvenida y lx presentar\u00e1 a la comunidad educativa mientras que la Secretar\u00eda Administrativa lx esperar\u00e1 el d\u00eda de su alta para firmar la designaci\u00f3n y lx contactar\u00e1 para combinar &#8230; <a title=\"Otras indicaciones\" class=\"read-more\" href=\"https:\/\/ies1-caba.infd.edu.ar\/sitio\/otras-indicaciones\/\" aria-label=\"More on Otras indicaciones\">[+]<\/a><\/p>\n","protected":false},"author":11703,"featured_media":0,"parent":0,"menu_order":0,"comment_status":"closed","ping_status":"closed","template":"","meta":[],"acf":[],"_links":{"self":[{"href":"https:\/\/ies1-caba.infd.edu.ar\/sitio\/wp-json\/wp\/v2\/pages\/13884"}],"collection":[{"href":"https:\/\/ies1-caba.infd.edu.ar\/sitio\/wp-json\/wp\/v2\/pages"}],"about":[{"href":"https:\/\/ies1-caba.infd.edu.ar\/sitio\/wp-json\/wp\/v2\/types\/page"}],"author":[{"embeddable":true,"href":"https:\/\/ies1-caba.infd.edu.ar\/sitio\/wp-json\/wp\/v2\/users\/11703"}],"replies":[{"embeddable":true,"href":"https:\/\/ies1-caba.infd.edu.ar\/sitio\/wp-json\/wp\/v2\/comments?post=13884"}],"version-history":[{"count":3,"href":"https:\/\/ies1-caba.infd.edu.ar\/sitio\/wp-json\/wp\/v2\/pages\/13884\/revisions"}],"predecessor-version":[{"id":13972,"href":"https:\/\/ies1-caba.infd.edu.ar\/sitio\/wp-json\/wp\/v2\/pages\/13884\/revisions\/13972"}],"wp:attachment":[{"href":"https:\/\/ies1-caba.infd.edu.ar\/sitio\/wp-json\/wp\/v2\/media?parent=13884"}],"curies":[{"name":"wp","href":"https:\/\/api.w.org\/{rel}","templated":true}]}}