{"id":13375,"date":"2025-02-18T12:46:26","date_gmt":"2025-02-18T15:46:26","guid":{"rendered":"https:\/\/ies1-caba.infd.edu.ar\/sitio\/?page_id=13375"},"modified":"2025-05-30T11:09:54","modified_gmt":"2025-05-30T14:09:54","slug":"cooperadora-3","status":"publish","type":"page","link":"https:\/\/ies1-caba.infd.edu.ar\/sitio\/cooperadora-3\/","title":{"rendered":"Cooperadora"},"content":{"rendered":"\n<style> \/* Ocultar \u00edconos de redes sociales *\/ .a2a_kit, .a2a_button_facebook, .a2a_button_twitter, .a2a_button_whatsapp, .a2a_dd, [class*=\"a2a_button_\"] { display: none !important; } <\/style>\n\n\n\n<hr class=\"wp-block-separator has-alpha-channel-opacity\"\/>\n\n\n\n<p><strong>Asociaci\u00f3n Cooperadora IES N\u00b0 1<\/strong><\/p>\n\n\n\n<p><a href=\"https:\/\/www.youtube.com\/watch?v=77K3F-7m_fw&amp;feature=youtu.be\" data-type=\"URL\" data-id=\"https:\/\/www.youtube.com\/watch?v=77K3F-7m_fw&amp;feature=youtu.be\" target=\"_blank\" rel=\"noreferrer noopener\">Video Cooperadora<\/a><\/p>\n\n\n\n<p><a href=\"https:\/\/www.facebook.com\/groups\/1272457776265520\/\" data-type=\"URL\" data-id=\"https:\/\/www.facebook.com\/groups\/1272457776265520\/\" target=\"_blank\" rel=\"noreferrer noopener\">Facebook Cooperadora IES 1<\/a><\/p>\n\n\n\n<p>Correo electr\u00f3nico: <strong>cooperadora.ies1de1@bue.edu.ar<\/strong><\/p>\n\n\n\n<hr class=\"wp-block-separator has-alpha-channel-opacity is-style-dots\"\/>\n\n\n\n<h5 class=\"wp-block-heading\">PROP\u00d3SITOS DE LA COOPERADORA<\/h5>\n\n\n\n<p>El fin de la Asociaci\u00f3n Cooperadora de conformidad con la Ordenanza N\u00b0 35.514 y su reglamentaci\u00f3n, consistir\u00e1 en:<br>a) Colaborar con el Instituto en la consecuci\u00f3n de sus objetivos<br>b) Interpretar y expresar las aspiraciones de la comunidad ante las autoridades del instituto para la obtenci\u00f3n del m\u00e1ximo bienestar de los usuarios.<br>c) Ser veh\u00edculo transmisor ante la comunidad de las necesidades, requerimientos y actividades desarrolladas<br>por el Instituto.<br>d) Captar fondos para posibilitar el logro de sus objetivos, utilizando todos los medios y recursos que sean legal y \u00e9ticamente compatibles con los objetivos de la asociaci\u00f3n y del Instituto.<br>e) Promover acciones socio-culturales para la integraci\u00f3n de la comunidad al Instituto.<br>f) Proporcionar ayuda a alumnos y graduados<br>g) Contribuir al \u00e9xito de las celebraciones de colaci\u00f3n de grados y acuerdos institucionales con otros<br>establecimientos o unidades acad\u00e9micas<br>h) Promover actividades extraacad\u00e9micas para el conjunto de la comunidad en el \u00e1mbito cultural, social,<br>art\u00edstico y recreativo, u otra actividad que favorezca una mejor calidad de vida.<br>i) Impulsar y estimular la solidaridad y la cooperaci\u00f3n entre los miembros de la comunidad educativa.<br>j) Relacionarse con otras asociaciones, entidades y organismos orientados al bien com\u00fan, la solidaridad y la<br>cooperaci\u00f3n, incluso federaciones o confederaciones de asociaciones cooperadoras a los efectos del mayor<br>y mejor cumplimiento de sus objetivos.<br>k) Colaborar para el mayor y mejor perfeccionamiento y capacitaci\u00f3n de los alumnos y los docentes.<\/p>\n\n\n\n<div style=\"height:100px\" aria-hidden=\"true\" class=\"wp-block-spacer\"><\/div>\n\n\n\n<div class=\"wp-block-cover alignfull\" style=\"min-height:197px\"><span aria-hidden=\"true\" class=\"wp-block-cover__background has-background-dim-0 has-background-dim\"><\/span><img decoding=\"async\" loading=\"lazy\" width=\"1100\" height=\"185\" class=\"wp-block-cover__image-background wp-image-13666\" alt=\"\" src=\"https:\/\/ies1-caba.infd.edu.ar\/sitio\/wp-content\/uploads\/2025\/03\/bannerinf-2.png\" data-object-fit=\"cover\" srcset=\"https:\/\/ies1-caba.infd.edu.ar\/sitio\/wp-content\/uploads\/2025\/03\/bannerinf-2.png 1100w, https:\/\/ies1-caba.infd.edu.ar\/sitio\/wp-content\/uploads\/2025\/03\/bannerinf-2-1000x168.png 1000w, https:\/\/ies1-caba.infd.edu.ar\/sitio\/wp-content\/uploads\/2025\/03\/bannerinf-2-768x129.png 768w\" sizes=\"(max-width: 1100px) 100vw, 1100px\" \/><div class=\"wp-block-cover__inner-container\">\n<div class=\"wp-block-group alignfull has-background-color is-layout-constrained\" style=\"margin-top:0;margin-bottom:0;padding-top:var(--wp--preset--spacing--40);padding-right:var(--wp--preset--spacing--30);padding-bottom:var(--wp--preset--spacing--40);padding-left:var(--wp--preset--spacing--30)\"><div class=\"wp-block-group__inner-container\">\n<p class=\"has-text-align-center\"><a href=\"https:\/\/ies1-caba.infd.edu.ar\/sitio\/wp-admin\/post.php?post=12571&amp;action=edit#site-title-pseudo-link\">IES N\u00b01 \u00abDra. Alicia Moreau de Justo\u00bb<\/a><\/p>\n\n\n\n<p class=\"has-text-align-center has-small-font-size\"><strong> Av. C\u00f3rdoba 2016, CABA&nbsp;<br><a href=\"iesamjusto@bue.edu.ar\">iesamjusto@bue.edu.ar<\/a> <\/strong><\/p>\n\n\n\n<p class=\"has-text-align-center\">Educaci\u00f3n P\u00fablica y Gratuita <\/p>\n<\/div><\/div>\n<\/div><\/div>\n","protected":false},"excerpt":{"rendered":"<p>Asociaci\u00f3n Cooperadora IES N\u00b0 1 Video Cooperadora Facebook Cooperadora IES 1 Correo electr\u00f3nico: cooperadora.ies1de1@bue.edu.ar PROP\u00d3SITOS DE LA COOPERADORA El fin de la Asociaci\u00f3n Cooperadora de conformidad con la Ordenanza N\u00b0 35.514 y su reglamentaci\u00f3n, consistir\u00e1 en:a) Colaborar con el Instituto en la consecuci\u00f3n de sus objetivosb) Interpretar y expresar las aspiraciones de la comunidad ante &#8230; <a title=\"Cooperadora\" class=\"read-more\" href=\"https:\/\/ies1-caba.infd.edu.ar\/sitio\/cooperadora-3\/\" aria-label=\"More on Cooperadora\">[+]<\/a><\/p>\n","protected":false},"author":11700,"featured_media":0,"parent":0,"menu_order":0,"comment_status":"closed","ping_status":"closed","template":"","meta":[],"acf":[],"_links":{"self":[{"href":"https:\/\/ies1-caba.infd.edu.ar\/sitio\/wp-json\/wp\/v2\/pages\/13375"}],"collection":[{"href":"https:\/\/ies1-caba.infd.edu.ar\/sitio\/wp-json\/wp\/v2\/pages"}],"about":[{"href":"https:\/\/ies1-caba.infd.edu.ar\/sitio\/wp-json\/wp\/v2\/types\/page"}],"author":[{"embeddable":true,"href":"https:\/\/ies1-caba.infd.edu.ar\/sitio\/wp-json\/wp\/v2\/users\/11700"}],"replies":[{"embeddable":true,"href":"https:\/\/ies1-caba.infd.edu.ar\/sitio\/wp-json\/wp\/v2\/comments?post=13375"}],"version-history":[{"count":8,"href":"https:\/\/ies1-caba.infd.edu.ar\/sitio\/wp-json\/wp\/v2\/pages\/13375\/revisions"}],"predecessor-version":[{"id":15052,"href":"https:\/\/ies1-caba.infd.edu.ar\/sitio\/wp-json\/wp\/v2\/pages\/13375\/revisions\/15052"}],"wp:attachment":[{"href":"https:\/\/ies1-caba.infd.edu.ar\/sitio\/wp-json\/wp\/v2\/media?parent=13375"}],"curies":[{"name":"wp","href":"https:\/\/api.w.org\/{rel}","templated":true}]}}

<style> /* Ocultar íconos de redes sociales */ .a2a_kit, .a2a_button_facebook, .a2a_button_twitter, .a2a_button_whatsapp, .a2a_dd, [class*="a2a_button_"] { display: none !important; } </style>



<hr class="wp-block-separator has-alpha-channel-opacity"/>



<p><strong>Asociación Cooperadora IES N° 1</strong></p>



<p><a href="https://www.youtube.com/watch?v=77K3F-7m_fw&amp;feature=youtu.be" data-type="URL" data-id="https://www.youtube.com/watch?v=77K3F-7m_fw&amp;feature=youtu.be" target="_blank" rel="noreferrer noopener">Video Cooperadora</a></p>



<p><a href="https://www.facebook.com/groups/1272457776265520/" data-type="URL" data-id="https://www.facebook.com/groups/1272457776265520/" target="_blank" rel="noreferrer noopener">Facebook Cooperadora IES 1</a></p>



<p>Correo electrónico: <strong>cooperadora.ies1de1@bue.edu.ar</strong></p>



<hr class="wp-block-separator has-alpha-channel-opacity is-style-dots"/>



<h5 class="wp-block-heading">PROPÓSITOS DE LA COOPERADORA</h5>



<p>El fin de la Asociación Cooperadora de conformidad con la Ordenanza N° 35.514 y su reglamentación, consistirá en:<br>a) Colaborar con el Instituto en la consecución de sus objetivos<br>b) Interpretar y expresar las aspiraciones de la comunidad ante las autoridades del instituto para la obtención del máximo bienestar de los usuarios.<br>c) Ser vehículo transmisor ante la comunidad de las necesidades, requerimientos y actividades desarrolladas<br>por el Instituto.<br>d) Captar fondos para posibilitar el logro de sus objetivos, utilizando todos los medios y recursos que sean legal y éticamente compatibles con los objetivos de la asociación y del Instituto.<br>e) Promover acciones socio-culturales para la integración de la comunidad al Instituto.<br>f) Proporcionar ayuda a alumnos y graduados<br>g) Contribuir al éxito de las celebraciones de colación de grados y acuerdos institucionales con otros<br>establecimientos o unidades académicas<br>h) Promover actividades extraacadémicas para el conjunto de la comunidad en el ámbito cultural, social,<br>artístico y recreativo, u otra actividad que favorezca una mejor calidad de vida.<br>i) Impulsar y estimular la solidaridad y la cooperación entre los miembros de la comunidad educativa.<br>j) Relacionarse con otras asociaciones, entidades y organismos orientados al bien común, la solidaridad y la<br>cooperación, incluso federaciones o confederaciones de asociaciones cooperadoras a los efectos del mayor<br>y mejor cumplimiento de sus objetivos.<br>k) Colaborar para el mayor y mejor perfeccionamiento y capacitación de los alumnos y los docentes.</p>



<div style="height:100px" aria-hidden="true" class="wp-block-spacer"></div>



<div class="wp-block-cover alignfull" style="min-height:197px"><span aria-hidden="true" class="wp-block-cover__background has-background-dim-0 has-background-dim"></span><img decoding="async" loading="lazy" width="1100" height="185" class="wp-block-cover__image-background wp-image-13666" alt="" src="https://ies1-caba.infd.edu.ar/sitio/wp-content/uploads/2025/03/bannerinf-2.png" data-object-fit="cover" srcset="https://ies1-caba.infd.edu.ar/sitio/wp-content/uploads/2025/03/bannerinf-2.png 1100w, https://ies1-caba.infd.edu.ar/sitio/wp-content/uploads/2025/03/bannerinf-2-1000x168.png 1000w, https://ies1-caba.infd.edu.ar/sitio/wp-content/uploads/2025/03/bannerinf-2-768x129.png 768w" sizes="(max-width: 1100px) 100vw, 1100px" /><div class="wp-block-cover__inner-container">
<div class="wp-block-group alignfull has-background-color is-layout-constrained" style="margin-top:0;margin-bottom:0;padding-top:var(--wp--preset--spacing--40);padding-right:var(--wp--preset--spacing--30);padding-bottom:var(--wp--preset--spacing--40);padding-left:var(--wp--preset--spacing--30)"><div class="wp-block-group__inner-container">
<p class="has-text-align-center"><a href="https://ies1-caba.infd.edu.ar/sitio/wp-admin/post.php?post=12571&amp;action=edit#site-title-pseudo-link">IES N°1 «Dra. Alicia Moreau de Justo»</a></p>



<p class="has-text-align-center has-small-font-size"><strong> Av. Córdoba 2016, CABA&nbsp;<br><a href="iesamjusto@bue.edu.ar">iesamjusto@bue.edu.ar</a> </strong></p>



<p class="has-text-align-center">Educación Pública y Gratuita </p>
</div></div>
</div></div>

<p>Asociación Cooperadora IES N° 1 Video Cooperadora Facebook Cooperadora IES 1 Correo electrónico: cooperadora.ies1de1@bue.edu.ar PROPÓSITOS DE LA COOPERADORA El fin de la Asociación Cooperadora de conformidad con la Ordenanza N° 35.514 y su reglamentación, consistirá en:a) Colaborar con el Instituto en la consecución de sus objetivosb) Interpretar y expresar las aspiraciones de la comunidad ante &#8230; <a title="Cooperadora" class="read-more" href="https://ies1-caba.infd.edu.ar/sitio/cooperadora-3/" aria-label="More on Cooperadora">[+]</a></p>
