{"id":13314,"date":"2025-02-18T12:07:18","date_gmt":"2025-02-18T15:07:18","guid":{"rendered":"https:\/\/ies1-caba.infd.edu.ar\/sitio\/?page_id=13314"},"modified":"2026-02-12T21:20:06","modified_gmt":"2026-02-13T00:20:06","slug":"junta-departamental","status":"publish","type":"page","link":"https:\/\/ies1-caba.infd.edu.ar\/sitio\/junta-departamental\/","title":{"rendered":"Juntas Departamentales"},"content":{"rendered":"\n<hr class=\"wp-block-separator has-alpha-channel-opacity\"\/>\n\n\n\n<style> \/* Ocultar \u00edconos de redes sociales *\/ .a2a_kit, .a2a_button_facebook, .a2a_button_twitter, .a2a_button_whatsapp, .a2a_dd, [class*=\"a2a_button_\"] { display: none !important; } <\/style>\n\n\n\n<div style=\"height:12px\" aria-hidden=\"true\" class=\"wp-block-spacer\"><\/div>\n\n\n\n<p><strong>Art\u00edculo 50\u00b0 del ROI: Integraci\u00f3n de las Juntas Departamentales del Instituto.<\/strong>&nbsp;<\/p>\n\n\n\n<p>Para ampliar el marco de participaci\u00f3n e integraci\u00f3n de la comunidad educativa en la construcci\u00f3n y desarrollo de acciones en beneficio de la instituci\u00f3n, podr\u00e1n conformarse Juntas Departamentales, que se organizar\u00e1n por carrera. La Junta Departamental de la carrera de Psicopedagog\u00eda estar\u00e1 integrada por el\/la Director\/a de Departamento -con voto simple s\u00f3lo en caso de empate-, 2 (dos) profesores y 2 (dos) alumnos de la carrera con car\u00e1cter de titulares. La Junta Departamental deber\u00e1 contar con un representante suplente por cada uno de los 4 (cuatro) miembros titulares.&nbsp;<\/p>\n\n\n\n<p>Cada Junta Departamental de las carreras de Formaci\u00f3n Docente estar\u00e1 presidida por el\/la Coordinador\/a del Trayecto de Formaci\u00f3n Centrado en la Ense\u00f1anza de la Disciplina (TFCED) -con voto simple s\u00f3lo en caso de empate- y contar\u00e1 con la presencia del\/ de la Coordinador\/a del Trayecto de Formaci\u00f3n Centrado en la Pr\u00e1ctica Docente (TFCPD), quien presidir\u00e1 la Junta en caso de ausencia del anterior, con el\/la Coordinador\/a del Trayecto de Formaci\u00f3n General, quien participar\u00e1 con voz pero sin voto, 2 (dos) profesores-1 (uno) de los cuales podr\u00e1 pertenecer al Trayecto de Formaci\u00f3n General (TFG)- y 2 (dos) alumnos de la carrera con car\u00e1cter de titulares. La Junta Departamental deber\u00e1 contar con un representante suplente por cada uno de los 4 (cuatro) miembros titulares.&nbsp;<\/p>\n\n\n\n<p><\/p>\n\n\n\n<div style=\"height:24px\" aria-hidden=\"true\" class=\"wp-block-spacer\"><\/div>\n\n\n\n<p><strong>Art\u00edculo 51\u00b0: Funciones de las Juntas Departamentales.<\/strong>&nbsp;Son funciones de las Juntas Departamentales:&nbsp;<\/p>\n\n\n\n<p>a) Colaborar en la implementaci\u00f3n de los proyectos del Departamento mediante la elaboraci\u00f3n de reformas del plan de estudios, normas de funcionamiento de talleres y seminarios, pautas de cumplimiento de los trabajos pr\u00e1cticos, reg\u00edmenes de correlatividades, pautas relativas a la metodolog\u00eda y pr\u00e1ctica de la ense\u00f1anza, y todas aquellas disposiciones que contribuyan a mejorar el perfil del egresado;&nbsp;<\/p>\n\n\n\n<p>b) colaborar con la realizaci\u00f3n de cursos de perfeccionamiento, actualizaci\u00f3n y capacitaci\u00f3n docente, presenciales o a distancia, as\u00ed como en la realizaci\u00f3n de congresos, jornadas, exposiciones, reuniones pedag\u00f3gicas y cualquier otro tipo de eventos de significaci\u00f3n educativa, cient\u00edfica y cultural;&nbsp;<\/p>\n\n\n\n<p>c) recibir aportes, opinar e informar en asuntos y problemas inherentes a los claustros;&nbsp;<\/p>\n\n\n\n<p>d) comunicar a los claustros respectivos la informaci\u00f3n institucional relevante; e) colaborar en la organizaci\u00f3n de los cursos para los ingresos;&nbsp;<\/p>\n\n\n\n<p>f) convocar a los graduados de la respectiva carrera para que participen de actividades acad\u00e9micas;&nbsp;<\/p>\n\n\n\n<p>g) elaborar proyectos de desarrollo acad\u00e9mico, educativo e institucional que puedan impulsarse desde el Departamento y elevarlos al Secretario Acad\u00e9mico, al Consejo Directivo y al Rectorado;&nbsp;<\/p>\n\n\n\n<p>h) colaborar con las autoridades del Instituto en el establecimiento de relaciones con otros centros educativos.&nbsp;<\/p>\n\n\n\n<p><\/p>\n\n\n\n<div style=\"height:21px\" aria-hidden=\"true\" class=\"wp-block-spacer\"><\/div>\n\n\n\n<p><\/p>\n\n\n\n<p><\/p>\n\n\n\n<div class=\"wp-block-cover alignfull\" style=\"min-height:197px\"><span aria-hidden=\"true\" class=\"wp-block-cover__background has-background-dim-0 has-background-dim\"><\/span><img decoding=\"async\" loading=\"lazy\" width=\"1100\" height=\"185\" class=\"wp-block-cover__image-background wp-image-13666\" alt=\"\" src=\"https:\/\/ies1-caba.infd.edu.ar\/sitio\/wp-content\/uploads\/2025\/03\/bannerinf-2.png\" data-object-fit=\"cover\" srcset=\"https:\/\/ies1-caba.infd.edu.ar\/sitio\/wp-content\/uploads\/2025\/03\/bannerinf-2.png 1100w, https:\/\/ies1-caba.infd.edu.ar\/sitio\/wp-content\/uploads\/2025\/03\/bannerinf-2-1000x168.png 1000w, https:\/\/ies1-caba.infd.edu.ar\/sitio\/wp-content\/uploads\/2025\/03\/bannerinf-2-768x129.png 768w\" sizes=\"(max-width: 1100px) 100vw, 1100px\" \/><div class=\"wp-block-cover__inner-container\">\n<div class=\"wp-block-group alignfull has-background-color is-layout-constrained\" style=\"margin-top:0;margin-bottom:0;padding-top:var(--wp--preset--spacing--40);padding-right:var(--wp--preset--spacing--30);padding-bottom:var(--wp--preset--spacing--40);padding-left:var(--wp--preset--spacing--30)\"><div class=\"wp-block-group__inner-container\">\n<p class=\"has-text-align-center\"><a href=\"https:\/\/ies1-caba.infd.edu.ar\/sitio\/wp-admin\/post.php?post=12571&amp;action=edit#site-title-pseudo-link\">IES N\u00b01 \u00abDra. Alicia Moreau de Justo\u00bb<\/a><\/p>\n\n\n\n<p class=\"has-text-align-center has-small-font-size\"><strong> Av. C\u00f3rdoba 2016, CABA&nbsp;<br><a href=\"iesamjusto@bue.edu.ar\">iesamjusto@bue.edu.ar<\/a> <\/strong><\/p>\n\n\n\n<p class=\"has-text-align-center\">Educaci\u00f3n P\u00fablica y Gratuita <\/p>\n<\/div><\/div>\n<\/div><\/div>\n","protected":false},"excerpt":{"rendered":"<p>Art\u00edculo 50\u00b0 del ROI: Integraci\u00f3n de las Juntas Departamentales del Instituto.&nbsp; Para ampliar el marco de participaci\u00f3n e integraci\u00f3n de la comunidad educativa en la construcci\u00f3n y desarrollo de acciones en beneficio de la instituci\u00f3n, podr\u00e1n conformarse Juntas Departamentales, que se organizar\u00e1n por carrera. La Junta Departamental de la carrera de Psicopedagog\u00eda estar\u00e1 integrada por &#8230; <a title=\"Juntas Departamentales\" class=\"read-more\" href=\"https:\/\/ies1-caba.infd.edu.ar\/sitio\/junta-departamental\/\" aria-label=\"More on Juntas Departamentales\">[+]<\/a><\/p>\n","protected":false},"author":11700,"featured_media":0,"parent":0,"menu_order":0,"comment_status":"closed","ping_status":"closed","template":"","meta":[],"acf":[],"_links":{"self":[{"href":"https:\/\/ies1-caba.infd.edu.ar\/sitio\/wp-json\/wp\/v2\/pages\/13314"}],"collection":[{"href":"https:\/\/ies1-caba.infd.edu.ar\/sitio\/wp-json\/wp\/v2\/pages"}],"about":[{"href":"https:\/\/ies1-caba.infd.edu.ar\/sitio\/wp-json\/wp\/v2\/types\/page"}],"author":[{"embeddable":true,"href":"https:\/\/ies1-caba.infd.edu.ar\/sitio\/wp-json\/wp\/v2\/users\/11700"}],"replies":[{"embeddable":true,"href":"https:\/\/ies1-caba.infd.edu.ar\/sitio\/wp-json\/wp\/v2\/comments?post=13314"}],"version-history":[{"count":6,"href":"https:\/\/ies1-caba.infd.edu.ar\/sitio\/wp-json\/wp\/v2\/pages\/13314\/revisions"}],"predecessor-version":[{"id":16064,"href":"https:\/\/ies1-caba.infd.edu.ar\/sitio\/wp-json\/wp\/v2\/pages\/13314\/revisions\/16064"}],"wp:attachment":[{"href":"https:\/\/ies1-caba.infd.edu.ar\/sitio\/wp-json\/wp\/v2\/media?parent=13314"}],"curies":[{"name":"wp","href":"https:\/\/api.w.org\/{rel}","templated":true}]}}