{"id":13312,"date":"2025-02-18T12:06:49","date_gmt":"2025-02-18T15:06:49","guid":{"rendered":"https:\/\/ies1-caba.infd.edu.ar\/sitio\/?page_id=13312"},"modified":"2025-05-26T21:47:55","modified_gmt":"2025-05-27T00:47:55","slug":"historia-institucional","status":"publish","type":"page","link":"https:\/\/ies1-caba.infd.edu.ar\/sitio\/historia-institucional\/","title":{"rendered":"Historia Institucional"},"content":{"rendered":"\n<style> \/* Ocultar \u00edconos de redes sociales *\/ .a2a_kit, .a2a_button_facebook, .a2a_button_twitter, .a2a_button_whatsapp, .a2a_dd, [class*=\"a2a_button_\"] { display: none !important; } <\/style>\n\n\n\n<hr class=\"wp-block-separator has-alpha-channel-opacity\"\/>\n\n\n\n<p>La historia de nuestro instituto se remonta al a\u00f1o 1874, con el decreto firmado por el Gobernador de la Provincia de Buenos Aires, Mariano Acosta, que cre\u00f3 la \u201cEscuela Normal de Maestras de la Provincia de Buenos Aires\u201d. Al t\u00edtulo de maestra se acced\u00eda despu\u00e9s de un curso preparatorio de un a\u00f1o y un curso normal de dos. Con la federalizaci\u00f3n de Buenos Aires, la instituci\u00f3n pas\u00f3 a denominarse \u201cEscuela Normal de Maestras de la Capital\u201d y se&nbsp;emplaz\u00f3&nbsp;en el solar delimitado por las calles C\u00f3rdoba, Ayacucho, Paraguay y Riobamba.<\/p>\n\n\n\n<p>En el a\u00f1o 1887 se produjo la reforma del plan de estudios del nivel secundario: se asignaron tres a\u00f1os para el curso de maestra y dos m\u00e1s para alcanzar el t\u00edtulo de profesora, titulaci\u00f3n que habilit\u00f3 el cambio del nombre de la instituci\u00f3n por el de \u201cEscuela Normal de Profesoras de la Capital\u201d, cuya primera promoci\u00f3n egres\u00f3 en 1889.<\/p>\n\n\n\n<p>En 1895 la Escuela pas\u00f3 a la jurisdicci\u00f3n nacional y en 1900 se reform\u00f3 el ciclo secundario, que extendi\u00f3 a cuatro los a\u00f1os de estudio para acceder al t\u00edtulo de maestra y cre\u00f3 un Nivel Terciario con un curso de Profesoras de Ciencias y Letras para Escuelas Normales y Colegios Nacionales de tres a\u00f1os.<\/p>\n\n\n\n<p>En 1953, con la reforma nacional de nivel terciario, la instituci\u00f3n, que desde 1914 se llam\u00f3 \u00abEscuela Normal de Profesores N\u00ba 1 Presidente Roque S\u00e1enz Pe\u00f1a\u00bb, cre\u00f3 tres profesorados especializados de cuatro a\u00f1os de duraci\u00f3n:&nbsp;<strong>Castellano, Literatura y Lat\u00edn, Filosof\u00eda y Pedagog\u00eda<\/strong>&nbsp;y&nbsp;<strong>Matem\u00e1tica, F\u00edsica y Cosmograf\u00eda<\/strong>.<\/p>\n\n\n\n<p>En 1968 por el decreto 8051 el Magisterio dej\u00f3 de ser una carrera de nivel medio para transformarse en el Profesorado para la Ense\u00f1anza Primaria, de dos a\u00f1os y medio de duraci\u00f3n, como carrera de nivel terciario.<\/p>\n\n\n\n<p>En 1971 se crearon en la instituci\u00f3n el Profesorado de Nivel Elemental y el Profesorado de<strong>&nbsp;Historia<\/strong>, \u00e9ste \u00faltimo como uno de los profesorados especializados.<\/p>\n\n\n\n<p>En 1988 los cuatro profesorados especializados se desprendieron de la instituci\u00f3n original y constituyen el Instituto Nacional de Ense\u00f1anza Superior (I.N.E.S.) N\u00ba 1 \u00abDra. Alicia Moreau de Justo\u00bb, que se traslad\u00f3 a su actual sede en 1991, el mismo a\u00f1o en el que se cre\u00f3 la carrera de<strong>&nbsp;Psicopedagog\u00eda<\/strong>.<\/p>\n\n\n\n<p>A partir del 1\u00ba de enero de 1994 el instituto pas\u00f3 a depender de la Secretar\u00eda de Educaci\u00f3n de la ex Municipalidad de la ciudad de Buenos Aires \u2013actualmente el Ministerio de Educaci\u00f3n del Gobierno de la Ciudad de Buenos Aires\u2013 con el nombre de I.E.S. N\u00ba 1 \u00abDra. Alicia Moreau de Justo\u00bb.<\/p>\n\n\n\n<div style=\"height:100px\" aria-hidden=\"true\" class=\"wp-block-spacer\"><\/div>\n\n\n\n<div class=\"wp-block-cover alignfull\" style=\"min-height:197px\"><span aria-hidden=\"true\" class=\"wp-block-cover__background has-background-dim-0 has-background-dim\"><\/span><img decoding=\"async\" loading=\"lazy\" width=\"1100\" height=\"185\" class=\"wp-block-cover__image-background wp-image-13666\" alt=\"\" src=\"https:\/\/ies1-caba.infd.edu.ar\/sitio\/wp-content\/uploads\/2025\/03\/bannerinf-2.png\" data-object-fit=\"cover\" srcset=\"https:\/\/ies1-caba.infd.edu.ar\/sitio\/wp-content\/uploads\/2025\/03\/bannerinf-2.png 1100w, https:\/\/ies1-caba.infd.edu.ar\/sitio\/wp-content\/uploads\/2025\/03\/bannerinf-2-1000x168.png 1000w, https:\/\/ies1-caba.infd.edu.ar\/sitio\/wp-content\/uploads\/2025\/03\/bannerinf-2-768x129.png 768w\" sizes=\"(max-width: 1100px) 100vw, 1100px\" \/><div class=\"wp-block-cover__inner-container\">\n<div class=\"wp-block-group alignfull has-background-color is-layout-constrained\" style=\"margin-top:0;margin-bottom:0;padding-top:var(--wp--preset--spacing--40);padding-right:var(--wp--preset--spacing--30);padding-bottom:var(--wp--preset--spacing--40);padding-left:var(--wp--preset--spacing--30)\"><div class=\"wp-block-group__inner-container\">\n<p class=\"has-text-align-center\"><a href=\"https:\/\/ies1-caba.infd.edu.ar\/sitio\/wp-admin\/post.php?post=12571&amp;action=edit#site-title-pseudo-link\">IES N\u00b01 \u00abDra. Alicia Moreau de Justo\u00bb<\/a><\/p>\n\n\n\n<p class=\"has-text-align-center has-small-font-size\"><strong> Av. C\u00f3rdoba 2016, CABA&nbsp;<br><a href=\"iesamjusto@bue.edu.ar\">iesamjusto@bue.edu.ar<\/a> <\/strong><\/p>\n\n\n\n<p class=\"has-text-align-center\">Educaci\u00f3n P\u00fablica y Gratuita <\/p>\n<\/div><\/div>\n<\/div><\/div>\n","protected":false},"excerpt":{"rendered":"<p>La historia de nuestro instituto se remonta al a\u00f1o 1874, con el decreto firmado por el Gobernador de la Provincia de Buenos Aires, Mariano Acosta, que cre\u00f3 la \u201cEscuela Normal de Maestras de la Provincia de Buenos Aires\u201d. Al t\u00edtulo de maestra se acced\u00eda despu\u00e9s de un curso preparatorio de un a\u00f1o y un curso &#8230; <a title=\"Historia Institucional\" class=\"read-more\" href=\"https:\/\/ies1-caba.infd.edu.ar\/sitio\/historia-institucional\/\" aria-label=\"More on Historia Institucional\">[+]<\/a><\/p>\n","protected":false},"author":11700,"featured_media":0,"parent":0,"menu_order":0,"comment_status":"closed","ping_status":"closed","template":"","meta":[],"acf":[],"_links":{"self":[{"href":"https:\/\/ies1-caba.infd.edu.ar\/sitio\/wp-json\/wp\/v2\/pages\/13312"}],"collection":[{"href":"https:\/\/ies1-caba.infd.edu.ar\/sitio\/wp-json\/wp\/v2\/pages"}],"about":[{"href":"https:\/\/ies1-caba.infd.edu.ar\/sitio\/wp-json\/wp\/v2\/types\/page"}],"author":[{"embeddable":true,"href":"https:\/\/ies1-caba.infd.edu.ar\/sitio\/wp-json\/wp\/v2\/users\/11700"}],"replies":[{"embeddable":true,"href":"https:\/\/ies1-caba.infd.edu.ar\/sitio\/wp-json\/wp\/v2\/comments?post=13312"}],"version-history":[{"count":4,"href":"https:\/\/ies1-caba.infd.edu.ar\/sitio\/wp-json\/wp\/v2\/pages\/13312\/revisions"}],"predecessor-version":[{"id":14986,"href":"https:\/\/ies1-caba.infd.edu.ar\/sitio\/wp-json\/wp\/v2\/pages\/13312\/revisions\/14986"}],"wp:attachment":[{"href":"https:\/\/ies1-caba.infd.edu.ar\/sitio\/wp-json\/wp\/v2\/media?parent=13312"}],"curies":[{"name":"wp","href":"https:\/\/api.w.org\/{rel}","templated":true}]}}