{"id":13300,"date":"2025-02-18T12:01:53","date_gmt":"2025-02-18T15:01:53","guid":{"rendered":"https:\/\/ies1-caba.infd.edu.ar\/sitio\/?page_id=13300"},"modified":"2026-03-11T18:49:27","modified_gmt":"2026-03-11T21:49:27","slug":"pronunciamientos-2","status":"publish","type":"page","link":"https:\/\/ies1-caba.infd.edu.ar\/sitio\/pronunciamientos-2\/","title":{"rendered":"Pronunciamientos"},"content":{"rendered":"\n<hr class=\"wp-block-separator has-alpha-channel-opacity\"\/>\n\n\n\n<style> \/* Ocultar \u00edconos de redes sociales *\/ .a2a_kit, .a2a_button_facebook, .a2a_button_twitter, .a2a_button_whatsapp, .a2a_dd, [class*=\"a2a_button_\"] { display: none !important; } <\/style>\n\n\n\n<p><\/p>\n\n\n\n<h2 class=\"wp-block-heading\"><strong>202<\/strong>6<\/h2>\n\n\n\n<p><a href=\"https:\/\/ies1-caba.infd.edu.ar\/sitio\/wp-content\/uploads\/2026\/03\/Pronunciamiento-del-Consejo-Directivo-del-IES-N\u00b01_-50-anos-del-ultimo-golpe-de-Estado-.pdf\" data-type=\"URL\" data-id=\"https:\/\/ies1-caba.infd.edu.ar\/sitio\/wp-content\/uploads\/2026\/03\/Pronunciamiento-del-Consejo-Directivo-del-IES-N\u00b01_-50-anos-del-ultimo-golpe-de-Estado-.pdf\" target=\"_blank\" rel=\"noreferrer noopener\">PRONUNCIAMIENTO CD N.\u00b0 36 &#8211; 50\u00b0 ANIVERSARIO DEL \u00daLTIMO GOLPE DE ESTADO<\/a><\/p>\n\n\n\n<p><a href=\"https:\/\/ies1-caba.infd.edu.ar\/sitio\/wp-content\/uploads\/2026\/03\/Pronunciamiento-2026.pdf\" data-type=\"URL\" target=\"_blank\" rel=\"noreferrer noopener\">PRONUNCIAMIENTO CD N.\u00b0 35 &#8211; D\u00cdA INTERNACIONAL DE LAS MUJERES<\/a><\/p>\n\n\n\n<p><a rel=\"noreferrer noopener\" href=\"https:\/\/ies1-caba.infd.edu.ar\/sitio\/wp-content\/uploads\/2026\/03\/Proyecto-FATE.pdf\" data-type=\"URL\" data-id=\"https:\/\/ies1-caba.infd.edu.ar\/sitio\/wp-content\/uploads\/2026\/03\/Proyecto-FATE.pdf\" target=\"_blank\">PRONUNCIAMIENTO CD N.\u00b0 34 &#8211; PROYECTO FATE<\/a><br><\/p>\n\n\n\n<div style=\"height:27px\" aria-hidden=\"true\" class=\"wp-block-spacer\"><\/div>\n\n\n\n<h2 class=\"wp-block-heading\"><strong>2025<\/strong><\/h2>\n\n\n\n<p><a rel=\"noreferrer noopener\" href=\"https:\/\/ies1-caba.infd.edu.ar\/sitio\/wp-content\/uploads\/2025\/12\/Pronunciamiento-contra-la-reforma-laboral-18_12.pdf\" data-type=\"URL\" data-id=\"https:\/\/ies1-caba.infd.edu.ar\/sitio\/wp-content\/uploads\/2025\/12\/Pronunciamiento-contra-la-reforma-laboral-18_12.pdf\" target=\"_blank\">PRONUNCIAMIENTO CD N.\u00b0 33 &#8211; CONTRA LA REFORMA LABORAL 18-12<\/a><\/p>\n\n\n\n<p><a rel=\"noreferrer noopener\" href=\"https:\/\/ies1-caba.infd.edu.ar\/sitio\/wp-content\/uploads\/2025\/12\/Pronunciamiento-ROM.pdf\" data-type=\"URL\" data-id=\"https:\/\/ies1-caba.infd.edu.ar\/sitio\/wp-content\/uploads\/2025\/12\/Pronunciamiento-ROM.pdf\" target=\"_blank\">PRONUNCIAMIENTO CD N.\u00b0 32 &#8211; REGLAMENTO ORG\u00c1NICO MARCO<\/a><br><br><a rel=\"noreferrer noopener\" href=\"https:\/\/ies1-caba.infd.edu.ar\/sitio\/wp-content\/uploads\/2025\/09\/Pronunciamiento-ROM.pdf\" data-type=\"URL\" data-id=\"https:\/\/ies1-caba.infd.edu.ar\/sitio\/wp-content\/uploads\/2025\/09\/Pronunciamiento-ROM.pdf\" target=\"_blank\">PRONUNCIAMIENTO CD N.\u00b0 31 &#8211; REGLAMENTO ORG\u00c1NICO MARCO<\/a><\/p>\n\n\n\n<p><a href=\"https:\/\/ies1-caba.infd.edu.ar\/sitio\/wp-content\/uploads\/2025\/08\/Pronunciamiento-CD-N\u00b030.pdf\" data-type=\"URL\" data-id=\"https:\/\/ies1-caba.infd.edu.ar\/sitio\/wp-content\/uploads\/2025\/08\/Pronunciamiento-CD-N\u00b030.pdf\">PRONUNCIAMIENTO CD N.\u00ba 30 \u2013 MI\u00c9RCOLES 20 DE AGOSTO<\/a><\/p>\n\n\n\n<p><a href=\"https:\/\/ies1-caba.infd.edu.ar\/sitio\/wp-content\/uploads\/2025\/08\/Pronunciamiento-CD-N\u00b029.pdf\" data-type=\"URL\" data-id=\"https:\/\/ies1-caba.infd.edu.ar\/sitio\/wp-content\/uploads\/2025\/08\/Pronunciamiento-CD-N\u00b029.pdf\">PRONUNCIAMIENTO CD N.\u00ba 29 \u2013 EN DEFENSA DE GAZA<\/a><\/p>\n\n\n\n<p><a href=\"https:\/\/ies1-caba.infd.edu.ar\/sitio\/wp-content\/uploads\/2025\/07\/Pronunciamiento-CD-N%C2%B028.pdf\" data-type=\"URL\" data-id=\"https:\/\/ies1-caba.infd.edu.ar\/sitio\/wp-content\/uploads\/2025\/07\/Pronunciamiento-CD-N%C2%B028.pdf\">PRONUNCIAMIENTO CD N.\u00ba 28  \u2013 EN DEFENSA DEL HOSPITAL GARRAHAN Y LA SALUD P\u00daBLICA<\/a><\/p>\n\n\n\n<p><a href=\"https:\/\/ies1-caba.infd.edu.ar\/sitio\/wp-content\/uploads\/2025\/07\/Pronunciamiento-CD-27.pdf\" data-type=\"URL\" data-id=\"https:\/\/ies1-caba.infd.edu.ar\/sitio\/wp-content\/uploads\/2025\/07\/Pronunciamiento-CD-27.pdf\" target=\"_blank\" rel=\"noreferrer noopener\">PRONUNCIAMIENTO CD N.\u00ba 27  \u2013 REPUDIO AL FALLO ARBITRARIO DE LA CORTE SUPREMA CONTRA LA EX VICEPRESIDENTA CRISTINA FERN\u00c1NDEZ DE KIRCHNER<\/a><\/p>\n\n\n\n<p><a href=\"https:\/\/ies1-caba.infd.edu.ar\/sitio\/wp-content\/uploads\/2025\/07\/Pronunciamiento-CD-26.pdf\" data-type=\"URL\" data-id=\"https:\/\/ies1-caba.infd.edu.ar\/sitio\/wp-content\/uploads\/2025\/07\/Pronunciamiento-CD-26.pdf\" target=\"_blank\" rel=\"noreferrer noopener\">PRONUNCIAMIENTO CD N\u00ba 26 \u2013 FALLECIMIENTO DEL PAPA FRANCISCO<\/a><\/p>\n\n\n\n<p><a href=\"https:\/\/ies1-caba.infd.edu.ar\/sitio\/wp-content\/uploads\/2025\/07\/Pronunciamiento-CD-25.pdf\" data-type=\"URL\" data-id=\"https:\/\/ies1-caba.infd.edu.ar\/sitio\/wp-content\/uploads\/2025\/07\/Pronunciamiento-CD-25.pdf\" target=\"_blank\" rel=\"noreferrer noopener\">PRONUNCIAMIENTO CD N\u00ba 25 \u2013  APOYO AL RECLAMO Y  LA CONVOCATORIA DE LOS JUBILADOS<\/a><\/p>\n\n\n\n<div style=\"height:27px\" aria-hidden=\"true\" class=\"wp-block-spacer\"><\/div>\n\n\n\n<h2 class=\"wp-block-heading\"><strong>2024<\/strong><\/h2>\n\n\n\n<p><a href=\"https:\/\/ies1-caba.infd.edu.ar\/sitio\/junta-departamental-del-profesorado-de-educacion-superior-en-lengua-y-literatura-rechazo-al-pedido-de-intervencion\/\">Pronunciamiento N\u00ba 24 \u2013 JUNTA DEPARTAMENTAL DEL PROFESORADO DE EDUCACI\u00d3N SUPERIOR EN LENGUA Y LITERATURA RECHAZO AL PEDIDO DE INTERVENCI\u00d3N<\/a><\/p>\n\n\n\n<p><a href=\"https:\/\/ies1-caba.infd.edu.ar\/sitio\/junta-departamental-del-profesorado-superior-en-filosofia-rechazo-al-pedido-de-intervencion\/\">Pronunciamiento N\u00ba 23 \u2013 JUNTA DEPARTAMENTAL DEL PROFESORADO SUPERIOR EN FILOSOF\u00cdA RECHAZO AL PEDIDO DE INTERVENCI\u00d3N<\/a><\/p>\n\n\n\n<p><a href=\"https:\/\/ies1-caba.infd.edu.ar\/sitio\/rechazo-al-pedido-de-intervencion-externa\/\">Pronunciamiento N\u00ba 22 \u2013&nbsp;<\/a><a href=\"https:\/\/ies1-caba.infd.edu.ar\/sitio\/rechazo-al-pedido-de-intervencion-externa\/\">RECHAZO AL PEDIDO DE INTERVENCI\u00d3N<\/a>&nbsp;<a href=\"https:\/\/ies1-caba.infd.edu.ar\/sitio\/rechazo-al-pedido-de-intervencion-externa\/\">EXTERNA<\/a><\/p>\n\n\n\n<p><a href=\"https:\/\/ies1-caba.infd.edu.ar\/sitio\/pronunciamiento-2024-junta-de-psicopedagogia-rechazo-al-pedido-de-intervencion\/\">Pronunciamiento N\u00ba 21 \u2013 JUNTA DE PSICOPEDAGOGIA RECHAZO AL PEDIDO DE INTERVENCI\u00d3N<\/a><\/p>\n\n\n\n<p><a href=\"https:\/\/ies1-caba.infd.edu.ar\/sitio\/pronunciamiento-2024-cd-rechazo-al-pedido-de-intervencion\/\">Pronunciamiento N\u00ba 20 \u2013 CD<\/a>&nbsp;<a href=\"https:\/\/ies1-caba.infd.edu.ar\/sitio\/pronunciamiento-2024-cd-rechazo-al-pedido-de-intervencion\/\">RECHAZO AL PEDIDO DE INTERVENCI\u00d3N<\/a><\/p>\n\n\n\n<p><a href=\"https:\/\/ies1-caba.infd.edu.ar\/sitio\/pronucniamiento-cd-ley-bases-senado-2024\/\">Pronunciamiento N\u00ba 19 \u2013&nbsp;<\/a><a href=\"https:\/\/ies1-caba.infd.edu.ar\/sitio\/pronucniamiento-cd-ley-bases-senado-2024\/\">CD<\/a>&nbsp;<a href=\"https:\/\/ies1-caba.infd.edu.ar\/sitio\/pronunciamiento-cd-2024-liberacion-inmediata-basta-de-represion\/\">BASTA DE REPRESION \u2013 \u00a1LIBERACI\u00d3N INMEDIATA!<\/a><\/p>\n\n\n\n<p><a href=\"https:\/\/ies1-caba.infd.edu.ar\/sitio\/pronucniamiento-cd-ley-bases-senado-2024\/\">Pronunciamiento N\u00ba 18 \u2013 CD<\/a><a href=\"https:\/\/ies1-caba.infd.edu.ar\/sitio\/pronucniamiento-cd-ley-bases-senado-2024\/\">LEY BASES EN EL SENADO<\/a><\/p>\n\n\n\n<p><a href=\"https:\/\/ies1-caba.infd.edu.ar\/sitio\/wp-content\/uploads\/2024\/04\/CESGE.jpg\">Pronunciamiento N\u00ba 17 \u2013 CD<\/a><a href=\"https:\/\/ies1-caba.infd.edu.ar\/sitio\/wp-content\/uploads\/2024\/04\/CESGE.jpg\">CESGE: REPUDIO DESFINANCIAMIENTO DE LA EDUCACI\u00d3N P\u00daBLICA<\/a><\/p>\n\n\n\n<p><a href=\"https:\/\/ies1-caba.infd.edu.ar\/sitio\/pronunciamiento-cd-abril-2024\/\">Pronunciamiento N\u00ba 16 \u2013 CD<\/a><a href=\"https:\/\/ies1-caba.infd.edu.ar\/sitio\/pronunciamiento-cd-abril-2024\/\">APOYO MARCHA FEDERAL UNIVERSITARIA<\/a><\/p>\n\n\n\n<p><a href=\"https:\/\/ies1-caba.infd.edu.ar\/sitio\/pronunciamientos-historia-2024\/\">Pronunciamiento N\u00ba 15 \u2013 JUNTA DE HISTORIA<\/a><a href=\"https:\/\/ies1-caba.infd.edu.ar\/sitio\/pronunciamientos-historia-2024\/\">DEPTO DE HISTORIA REPUDIA ATENTADO POL\u00cdTICO y LOS ACTOS DE VIOLENCIA<\/a><\/p>\n\n\n\n<p><a href=\"https:\/\/ies1-caba.infd.edu.ar\/sitio\/pronunciamientocd-3-24\/\">Pronunciamiento N\u00ba 14 \u2013 CONSEJO DIRECTIVO<\/a><a href=\"https:\/\/ies1-caba.infd.edu.ar\/sitio\/pronunciamientocd-3-24\/\">REPUDIO A ATENTADOS POL\u00cdTICOS Y LOS ACTOS DE VIOLENCIA<\/a><\/p>\n\n\n\n<p><a href=\"https:\/\/ies1-caba.infd.edu.ar\/sitio\/pronunciamiento-gps-aerolineas-2024\/\">Pronunciamiento N\u00ba 13 \u2013 CONSEJO DIRECTIVO<\/a><a href=\"https:\/\/ies1-caba.infd.edu.ar\/sitio\/pronunciamiento-gps-aerolineas-2024\/\">REPUDIO A LOS DESPIDOS EN GPS TERCERIZADA DE AEROL\u00cdNEAS<\/a><\/p>\n\n\n\n<p><a href=\"https:\/\/ies1-caba.infd.edu.ar\/sitio\/wp-content\/uploads\/2024\/03\/Pronunciamiento-CESGE-2.3.24.jpeg\">Pronunciamiento N\u00ba 12 \u2013 CESGEPRONUNCIAMIENTO CESGE \u2013 REPUDIO A LAS DECLARACIONES DEL PRESIDENTE JAVIER MILEI \u2013 DISCURSO INAUGURAL 142\u00aa INICIO DE SESIONES ORDINARIAS<\/a><\/p>\n\n\n\n<div style=\"height:28px\" aria-hidden=\"true\" class=\"wp-block-spacer\"><\/div>\n\n\n\n<h2 class=\"wp-block-heading\"><strong>2023<\/strong><\/h2>\n\n\n\n<p><a href=\"https:\/\/ies1-caba.infd.edu.ar\/sitio\/wp-content\/uploads\/2023\/11\/Pronunciamiento-Consejo-Directivo.pdf\">Pronunciamiento N\u00ba 11<a href=\"https:\/\/ies1-caba.infd.edu.ar\/sitio\/junta-departamental-del-profesorado-de-educacion-superior-en-lengua-y-literatura-rechazo-al-pedido-de-intervencion\/\">\u2013 <\/a>PRONUNCIAMIENTO CD 10\/11 \u2013 40 A\u00d1OS DE DEMOCRACIA \u2013 CONTINUIDAD Y UNIDAD<\/a><\/p>\n\n\n\n<p><a href=\"https:\/\/ies1-caba.infd.edu.ar\/sitio\/wp-content\/uploads\/2023\/10\/Pronunciamiento-CD-18-10.pdf\">Pronunciamiento N\u00ba 10 <a href=\"https:\/\/ies1-caba.infd.edu.ar\/sitio\/junta-departamental-del-profesorado-de-educacion-superior-en-lengua-y-literatura-rechazo-al-pedido-de-intervencion\/\">\u2013 <\/a>PRONUNCIAMIENTO CD 18-10 \u2013 Tratamiento ROM incompleto<\/a><\/p>\n\n\n\n<p><a href=\"https:\/\/ies1-caba.infd.edu.ar\/sitio\/wp-content\/uploads\/2023\/09\/CESGE-3.9.23.jpeg\">Pronunciamiento N\u00ba 9<\/a><a href=\"https:\/\/ies1-caba.infd.edu.ar\/sitio\/wp-content\/uploads\/2023\/09\/Repudio_CESGE.pdf\"> <a href=\"https:\/\/ies1-caba.infd.edu.ar\/sitio\/junta-departamental-del-profesorado-de-educacion-superior-en-lengua-y-literatura-rechazo-al-pedido-de-intervencion\/\">\u2013 <\/a><\/a><a href=\"https:\/\/ies1-caba.infd.edu.ar\/sitio\/wp-content\/uploads\/2023\/09\/Repudio_CESGE.pdf\">Pronunciamiento CESGE \u2013 Repudio al uso tendencioso de im\u00e1genes del IES N\u00ba 1<\/a><\/p>\n\n\n\n<p><a href=\"https:\/\/ies1-caba.infd.edu.ar\/sitio\/wp-content\/uploads\/2023\/09\/Comunicado-de-la-Junta-Departamental-de-Historia-2-de-septiembre-2023.pdf\">Pronunciamiento N\u00ba 8 <a href=\"https:\/\/ies1-caba.infd.edu.ar\/sitio\/junta-departamental-del-profesorado-de-educacion-superior-en-lengua-y-literatura-rechazo-al-pedido-de-intervencion\/\">\u2013 <\/a>Comunicado de la Junta Departamental de Historia\u00a0\u2013 Repudio a homenaje a Genocidas<\/a><\/p>\n\n\n\n<p><a href=\"https:\/\/docs.google.com\/document\/d\/1rkLK-Y-0P-SukCJPS9h0ryfnCQ1urjmE\/edit?usp=drive_link&amp;ouid=115059821712839359301&amp;rtpof=true&amp;sd=true\">Pronunciamiento N\u00ba 7 <a href=\"https:\/\/ies1-caba.infd.edu.ar\/sitio\/junta-departamental-del-profesorado-de-educacion-superior-en-lengua-y-literatura-rechazo-al-pedido-de-intervencion\/\">\u2013 <\/a>El Consejo Directivo repudia la represi\u00f3n salvaje de la Polic\u00eda de la Ciudad que desemboc\u00f3 en la muerte de Facundo Molares.<\/a><\/p>\n\n\n\n<p><a href=\"https:\/\/docs.google.com\/document\/d\/1rkLK-Y-0P-SukCJPS9h0ryfnCQ1urjmE\/edit?usp=drive_link&amp;ouid=115059821712839359301&amp;rtpof=true&amp;sd=true\">Pronunciamiento N\u00ba 6 <a href=\"https:\/\/ies1-caba.infd.edu.ar\/sitio\/junta-departamental-del-profesorado-de-educacion-superior-en-lengua-y-literatura-rechazo-al-pedido-de-intervencion\/\">\u2013 <\/a>Pronunciamiento del CD a favor del Tercer Mal\u00f3n de la Paz<\/a><\/p>\n\n\n\n<p><a href=\"https:\/\/ies1-caba.infd.edu.ar\/sitio\/pronunciamientos\/\">Pronunciamiento N\u00ba 5 <a href=\"https:\/\/ies1-caba.infd.edu.ar\/sitio\/junta-departamental-del-profesorado-de-educacion-superior-en-lengua-y-literatura-rechazo-al-pedido-de-intervencion\/\">\u2013 <\/a>Junio 23 Pronunciamiento contra la represi\u00f3n en Jujuy<\/a><\/p>\n\n\n\n<p><a href=\"https:\/\/ies1-caba.infd.edu.ar\/sitio\/wp-content\/uploads\/2023\/06\/Pronunciamiento-de-Consejo-Directivo-Junio-2023.png\">Pronunciamiento N\u00ba 4 <a href=\"https:\/\/ies1-caba.infd.edu.ar\/sitio\/junta-departamental-del-profesorado-de-educacion-superior-en-lengua-y-literatura-rechazo-al-pedido-de-intervencion\/\">\u2013 <\/a>Junio 23 Pronunciamiento CD<\/a><\/p>\n\n\n\n<p><a href=\"https:\/\/ies1-caba.infd.edu.ar\/sitio\/wp-content\/uploads\/2023\/05\/No_AL_CIEERE_INSCRIPCION.jpeg\">Pronunciamiento N\u00ba 3 <a href=\"https:\/\/ies1-caba.infd.edu.ar\/sitio\/junta-departamental-del-profesorado-de-educacion-superior-en-lengua-y-literatura-rechazo-al-pedido-de-intervencion\/\">\u2013 <\/a>25 de Mayo Pronunciamiento del Cesge<\/a><\/p>\n\n\n\n<p><a href=\"https:\/\/docs.google.com\/document\/d\/1irLOuZ-7ZYkh76ZEi3h9BJOgWpQVpzMi22JODucgIGY\/edit?usp=sharing\">Pronunciamiento N\u00ba 2 <a href=\"https:\/\/ies1-caba.infd.edu.ar\/sitio\/junta-departamental-del-profesorado-de-educacion-superior-en-lengua-y-literatura-rechazo-al-pedido-de-intervencion\/\">\u2013 <\/a>Febrero 2023. Queremos ser escuchados Palabras de Bienvenida Rectorado<\/a><\/p>\n\n\n\n<p><a href=\"https:\/\/docs.google.com\/document\/d\/1fKgIKJWhOXS13X-6EuHEy6wxuMzQAyAPc5-6D7Wwidw\/edit\">Pronunciamiento N\u00ba 1 <a href=\"https:\/\/ies1-caba.infd.edu.ar\/sitio\/junta-departamental-del-profesorado-de-educacion-superior-en-lengua-y-literatura-rechazo-al-pedido-de-intervencion\/\">\u2013 <\/a>Febrero 2023. CONTINUIDAD PROFESORADO DE FISICA EN EL IES N\u00b0 1<\/a><\/p>\n\n\n\n<div style=\"height:100px\" aria-hidden=\"true\" class=\"wp-block-spacer\"><\/div>\n\n\n\n<div class=\"wp-block-cover alignfull\" style=\"min-height:197px\"><span aria-hidden=\"true\" class=\"wp-block-cover__background has-background-dim-0 has-background-dim\"><\/span><img decoding=\"async\" loading=\"lazy\" width=\"1100\" height=\"185\" class=\"wp-block-cover__image-background wp-image-13666\" alt=\"\" src=\"https:\/\/ies1-caba.infd.edu.ar\/sitio\/wp-content\/uploads\/2025\/03\/bannerinf-2.png\" data-object-fit=\"cover\" srcset=\"https:\/\/ies1-caba.infd.edu.ar\/sitio\/wp-content\/uploads\/2025\/03\/bannerinf-2.png 1100w, https:\/\/ies1-caba.infd.edu.ar\/sitio\/wp-content\/uploads\/2025\/03\/bannerinf-2-1000x168.png 1000w, https:\/\/ies1-caba.infd.edu.ar\/sitio\/wp-content\/uploads\/2025\/03\/bannerinf-2-768x129.png 768w\" sizes=\"(max-width: 1100px) 100vw, 1100px\" \/><div class=\"wp-block-cover__inner-container\">\n<div class=\"wp-block-group alignfull has-background-color is-layout-constrained\" style=\"margin-top:0;margin-bottom:0;padding-top:var(--wp--preset--spacing--40);padding-right:var(--wp--preset--spacing--30);padding-bottom:var(--wp--preset--spacing--40);padding-left:var(--wp--preset--spacing--30)\"><div class=\"wp-block-group__inner-container\">\n<p class=\"has-text-align-center\"><a href=\"https:\/\/ies1-caba.infd.edu.ar\/sitio\/wp-admin\/post.php?post=12571&amp;action=edit#site-title-pseudo-link\">IES N\u00b01 \u00abDra. Alicia Moreau de Justo\u00bb<\/a><\/p>\n\n\n\n<p class=\"has-text-align-center has-small-font-size\"><strong> Av. C\u00f3rdoba 2016, CABA&nbsp;<br><a href=\"iesamjusto@bue.edu.ar\">iesamjusto@bue.edu.ar<\/a> <\/strong><\/p>\n\n\n\n<p class=\"has-text-align-center\">Educaci\u00f3n P\u00fablica y Gratuita <\/p>\n<\/div><\/div>\n<\/div><\/div>\n","protected":false},"excerpt":{"rendered":"<p>2026 PRONUNCIAMIENTO CD N.\u00b0 36 &#8211; 50\u00b0 ANIVERSARIO DEL \u00daLTIMO GOLPE DE ESTADO PRONUNCIAMIENTO CD N.\u00b0 35 &#8211; D\u00cdA INTERNACIONAL DE LAS MUJERES PRONUNCIAMIENTO CD N.\u00b0 34 &#8211; PROYECTO FATE 2025 PRONUNCIAMIENTO CD N.\u00b0 33 &#8211; CONTRA LA REFORMA LABORAL 18-12 PRONUNCIAMIENTO CD N.\u00b0 32 &#8211; REGLAMENTO ORG\u00c1NICO MARCO PRONUNCIAMIENTO CD N.\u00b0 31 &#8211; REGLAMENTO &#8230; <a title=\"Pronunciamientos\" class=\"read-more\" href=\"https:\/\/ies1-caba.infd.edu.ar\/sitio\/pronunciamientos-2\/\" aria-label=\"More on Pronunciamientos\">[+]<\/a><\/p>\n","protected":false},"author":11700,"featured_media":0,"parent":0,"menu_order":0,"comment_status":"closed","ping_status":"closed","template":"","meta":[],"acf":[],"_links":{"self":[{"href":"https:\/\/ies1-caba.infd.edu.ar\/sitio\/wp-json\/wp\/v2\/pages\/13300"}],"collection":[{"href":"https:\/\/ies1-caba.infd.edu.ar\/sitio\/wp-json\/wp\/v2\/pages"}],"about":[{"href":"https:\/\/ies1-caba.infd.edu.ar\/sitio\/wp-json\/wp\/v2\/types\/page"}],"author":[{"embeddable":true,"href":"https:\/\/ies1-caba.infd.edu.ar\/sitio\/wp-json\/wp\/v2\/users\/11700"}],"replies":[{"embeddable":true,"href":"https:\/\/ies1-caba.infd.edu.ar\/sitio\/wp-json\/wp\/v2\/comments?post=13300"}],"version-history":[{"count":21,"href":"https:\/\/ies1-caba.infd.edu.ar\/sitio\/wp-json\/wp\/v2\/pages\/13300\/revisions"}],"predecessor-version":[{"id":16207,"href":"https:\/\/ies1-caba.infd.edu.ar\/sitio\/wp-json\/wp\/v2\/pages\/13300\/revisions\/16207"}],"wp:attachment":[{"href":"https:\/\/ies1-caba.infd.edu.ar\/sitio\/wp-json\/wp\/v2\/media?parent=13300"}],"curies":[{"name":"wp","href":"https:\/\/api.w.org\/{rel}","templated":true}]}}