{"id":12769,"date":"2024-11-21T19:35:45","date_gmt":"2024-11-21T22:35:45","guid":{"rendered":"https:\/\/ies1-caba.infd.edu.ar\/sitio\/?page_id=12769"},"modified":"2024-11-21T19:35:47","modified_gmt":"2024-11-21T22:35:47","slug":"pronunciamiento-2024-cd-rechazo-al-pedido-de-intervencion","status":"publish","type":"page","link":"https:\/\/ies1-caba.infd.edu.ar\/sitio\/pronunciamiento-2024-cd-rechazo-al-pedido-de-intervencion\/","title":{"rendered":"Pronunciamiento 2024 &#8211; CD RECHAZO AL PEDIDO DE INTERVENCI\u00d3N"},"content":{"rendered":"<style> .footer { position: fixed; left: 0; bottom: 0; width: 100%; background-color: #3399ff; color: white; text-align: center; }<\/style>\n<div style=\"border: 1px solid black; background: #ae9e9e; width: 250px; padding: 20px;\"><button class=\"boton3Dfondazos\" style=\"position: relative; left: 4%; height: 8%; color: white;\" type=\"text\">Volver a pronunciamientos<\/button><\/div>\n<div style=\"color: black; font-weight: bold; border: 1px solid black; padding: 15px;\">&#8211;Buenos Aires, 20 de noviembre de 2024<\/p>\n<p>El Consejo Directivo del Profesorado IES N\u00b01 \u00abDra. Alicia Moreau de Justo\u00bb manifiesta su m\u00e1s en\u00e9rgico repudio ante la denuncia presentada ante el Ministerio de Educaci\u00f3n de la Ciudad, por un estudiante de la casa qui\u00e9n en su car\u00e1cter de miembro de la Junta Departamental del profesorado de Historia, solicita la intervenci\u00f3n de nuestra instituci\u00f3n. Este pedido, basado en acusaciones infundadas, constituye un ataque grav\u00edsimo a la autonom\u00eda institucional: la intervenci\u00f3n no solo conllevar\u00eda la p\u00e9rdida de nuestra capacidad de autogobierno, sino tambi\u00e9n la paralizaci\u00f3n de las Juntas Departamentales, del Consejo Directivo y del Rectorado. Adem\u00e1s, someter\u00eda a nuestra instituci\u00f3n a pol\u00edticas que hist\u00f3ricamente han socavado la educaci\u00f3n p\u00fablica, gratuita y democr\u00e1tica, a trav\u00e9s de medidas de ajuste, recortes de recursos y desmantelamiento de proyectos educativos que son fruto del esfuerzo colectivo de estudiantes, docentes y no docentes. Las acusaciones de irregularidades administrativas, persecuciones y posibles represalias no tienen sustento y se tratan, no solo de injurias contra miembros espec\u00edficos de nuestra comunidad, sino contra la instituci\u00f3n toda.<br \/>\nHacemos un llamado a las Juntas Departamentales, como representantes de las distintas carreras, a sumarse a este repudio, y a la comunidad educativa en general a mantenerse alerta. La defensa de nuestra instituci\u00f3n es una responsabilidad compartida. Rechazamos cualquier intento de intervenci\u00f3n externa que dejar\u00eda a la instituci\u00f3n a disposici\u00f3n del Gobierno de la Ciudad, quien en un pasado reciente cerr\u00f3 inscripciones a las carreras e intent\u00f3 cerrar nuestras instituciones. Reafirmamos nuestro compromiso con la autonom\u00eda y la educaci\u00f3n p\u00fablica.<\/p>\n<p>Consejo Directivo<br \/>\nIES N\u00b01 \u00abDra. Alicia Moreau de Justo\u00bb<\/p>\n<\/div>\n<div class=\"footer\">2024 &#8211; Laboratorio de F\u00edsica e Inform\u00e1tica IES N\u00ba 1 &#8211; Correo electr\u00f3nico: <a href=\"mailto: laboratorio.ies1amju@bue.edu.ar\">laboratorio.ies1amju@bue.edu.ar <\/a><\/div>\n<p><script> let slideIndex = 1; showSlides(slideIndex); function plusSlides(n) { showSlides(slideIndex += n); } function currentSlide(n) { showSlides(slideIndex = n); } function showSlides(n) { let i;  let slides = document.getElementsByClassName(\"mySlides\"); let dots = document.getElementsByClassName(\"dot\"); if (n > slides.length) {slideIndex = 1} if (n < 1) {slideIndex = slides.length} for (i = 0; i < slides.length; i++) { slides[i].style.display = \"none\"; } for (i = 0; i < dots.length; i++) { dots[i].className = dots[i].className.replace(\" active\", \"\"); } slides[slideIndex-1].style.display = \"none\";  dots[slideIndex-1].className += \" active\"; } <\/script><br \/>\n<!-- <script> let indiceDiapo = 0;  muestraDiapo(); function muestraDiapo() { let i; let slides = document.getElementsByClassName(\"mySlides\"); let dots = document.getElementsByClassName(\"dot\"); for (i = 0; i < slides.length; i++) { slides[i].style.display = \"none\"; } indiceDiapo++; if (indiceDiapo > slides.length) {indiceDiapo = 1} for (i = 0; i < dots.length; i++) { dots[i].className = dots[i].className.replace(\" active\", \"\"); } slides[indiceDiapo-1].style.display = \"block\"; dots[indiceDiapo-1].className += \" active\"; setTimeout(muestraDiapo, 3000); }<\/script> --><br \/>\n<script>function cierraNuevaHora1() { window.location.href = \"https:\/\/ies1-caba.infd.edu.ar\/sitio\/pronunciamientos-ies1-2023\/\"; } <\/script><br \/>\n<script>document.getElementsByClassName(\"lista\")[0].style.display = \"none\"<\/script><br \/>\n<script>document.getElementsByClassName(\"lista\")[1].style.display = \"none\"<\/script><br \/>\n<script>document.getElementsByClassName(\"lista\")[2].style.display = \"none\"<\/script><br \/>\n<script>document.getElementsByClassName(\"grid-container grid-parent\")[0].style.display = \"none\"<\/script><br \/>\n<script>document.getElementsByClassName(\"grid-container grid-parent\")[1].style.display = \"none\"<\/script><br \/>\n<script>document.getElementsByClassName(\"grid-container grid-parent\")[2].style.display = \"none\"<\/script> --&gt;<br \/>\n<script>document.getElementsByClassName(\"noticias_redinfod\")[0].style.display = \"none\"<\/script><br \/>\n<script>document.getElementsByClassName(\"noticias_redinfod\")[1].style.display = \"none\"<\/script><br \/>\n<script>document.getElementsByClassName(\"noticias_redinfod\")[2].style.display = \"none\"<\/script><br \/>\n<!-- <script>document.getElementsByClassName(\"grid-container grid-parent\")[3].style.display = \"none\"<\/script>\n<script>document.getElementsByClassName(\"grid-container grid-parent\")[5].style.display = \"none\"<\/script> --><br \/>\n<script> let slideIndex = 1; showSlides(slideIndex); function plusSlides(n) { showSlides(slideIndex += n); } function currentSlide(n) { showSlides(slideIndex = n); } function showSlides(n) { let i;  let slides = document.getElementsByClassName(\"mySlides\"); let dots = document.getElementsByClassName(\"dot\"); if (n > slides.length) {slideIndex = 1} if (n < 1) {slideIndex = slides.length} for (i = 0; i < slides.length; i++) { slides[i].style.display = \"none\"; } for (i = 0; i < dots.length; i++) { dots[i].className = dots[i].className.replace(\" active\", \"\"); } slides[slideIndex-1].style.display = \"none\";  dots[slideIndex-1].className += \" active\"; } <\/script><br \/>\n<script> let indiceDiapo = 0;  muestraDiapo(); function muestraDiapo() { let i; let slides = document.getElementsByClassName(\"mySlides\"); let dots = document.getElementsByClassName(\"dot\"); for (i = 0; i < slides.length; i++) { slides[i].style.display = \"none\"; } indiceDiapo++; if (indiceDiapo > slides.length) {indiceDiapo = 1} for (i = 0; i < dots.length; i++) { dots[i].className = dots[i].className.replace(\" active\", \"\"); } slides[indiceDiapo-1].style.display = \"block\"; dots[indiceDiapo-1].className += \" active\"; setTimeout(muestraDiapo, 3000); }<\/script><\/p>\n<p><script>document.getElementsByClassName(\"lista\")[0].style.display = \"none\"<\/script><br \/>\n<script>document.getElementsByClassName(\"lista\")[1].style.display = \"none\"<\/script><br \/>\n<script>document.getElementsByClassName(\"lista\")[2].style.display = \"none\"<\/script><br \/>\n<!-- <script>document.getElementsByClassName(\"grid-container grid-parent\")[0].style.display = \"none\"<\/script>\n<script>document.getElementsByClassName(\"grid-container grid-parent\")[1].style.display = \"none\"<\/script>\n<script>document.getElementsByClassName(\"grid-container grid-parent\")[2].style.display = \"none\"<\/script> --><br \/>\n<script>document.getElementsByClassName(\"noticias_redinfod\")[0].style.display = \"none\"<\/script><br \/>\n<script>document.getElementsByClassName(\"noticias_redinfod\")[1].style.display = \"none\"<\/script><br \/>\n<script>document.getElementsByClassName(\"noticias_redinfod\")[2].style.display = \"none\"<\/script><br \/>\n<!-- <script>document.getElementsByClassName(\"grid-container grid-parent\")[3].style.display = \"none\"<\/script>\n<script>document.getElementsByClassName(\"grid-container grid-parent\")[5].style.display = \"none\"<\/script>\n\n--><\/p>\n","protected":false},"excerpt":{"rendered":"<p>Volver a pronunciamientos &#8211;Buenos Aires, 20 de noviembre de 2024 El Consejo Directivo del Profesorado IES N\u00b01 \u00abDra. Alicia Moreau de Justo\u00bb manifiesta su m\u00e1s en\u00e9rgico repudio ante la denuncia presentada ante el Ministerio de Educaci\u00f3n de la Ciudad, por un estudiante de la casa qui\u00e9n en su car\u00e1cter de miembro de la Junta Departamental &#8230; <a title=\"Pronunciamiento 2024 &#8211; CD RECHAZO AL PEDIDO DE INTERVENCI\u00d3N\" class=\"read-more\" href=\"https:\/\/ies1-caba.infd.edu.ar\/sitio\/pronunciamiento-2024-cd-rechazo-al-pedido-de-intervencion\/\" aria-label=\"More on Pronunciamiento 2024 &#8211; CD RECHAZO AL PEDIDO DE INTERVENCI\u00d3N\">[+]<\/a><\/p>\n","protected":false},"author":11700,"featured_media":0,"parent":0,"menu_order":0,"comment_status":"closed","ping_status":"closed","template":"","meta":[],"acf":[],"_links":{"self":[{"href":"https:\/\/ies1-caba.infd.edu.ar\/sitio\/wp-json\/wp\/v2\/pages\/12769"}],"collection":[{"href":"https:\/\/ies1-caba.infd.edu.ar\/sitio\/wp-json\/wp\/v2\/pages"}],"about":[{"href":"https:\/\/ies1-caba.infd.edu.ar\/sitio\/wp-json\/wp\/v2\/types\/page"}],"author":[{"embeddable":true,"href":"https:\/\/ies1-caba.infd.edu.ar\/sitio\/wp-json\/wp\/v2\/users\/11700"}],"replies":[{"embeddable":true,"href":"https:\/\/ies1-caba.infd.edu.ar\/sitio\/wp-json\/wp\/v2\/comments?post=12769"}],"version-history":[{"count":3,"href":"https:\/\/ies1-caba.infd.edu.ar\/sitio\/wp-json\/wp\/v2\/pages\/12769\/revisions"}],"predecessor-version":[{"id":12835,"href":"https:\/\/ies1-caba.infd.edu.ar\/sitio\/wp-json\/wp\/v2\/pages\/12769\/revisions\/12835"}],"wp:attachment":[{"href":"https:\/\/ies1-caba.infd.edu.ar\/sitio\/wp-json\/wp\/v2\/media?parent=12769"}],"curies":[{"name":"wp","href":"https:\/\/api.w.org\/{rel}","templated":true}]}}